{"id":1049,"date":"2016-03-16T16:52:52","date_gmt":"2016-03-16T15:52:52","guid":{"rendered":"http:\/\/www.rezeau.org\/wp-flore\/?page_id=1049"},"modified":"2021-06-21T16:50:24","modified_gmt":"2021-06-21T14:50:24","slug":"lathraea-clandestina-l","status":"publish","type":"page","link":"https:\/\/www.rezeau.org\/wp-flore\/lathraea-clandestina-l\/","title":{"rendered":"Lathraea clandestina"},"content":{"rendered":"\n<table class=\"desc\">\n<tbody>\n<tr>\n<td><span class=\"gras\">2802 Lathr\u00e6a Clandestina<\/span><\/td>\n<\/tr>\n<tr>\n<td><span class=\"titre\">Synonymes&nbsp;<\/span>CLANDESTINA RECTIFLORA Lamk<\/td>\n<\/tr>\n<tr>\n<td>&#8211; Plante&nbsp;vivace,&nbsp;glabre, devenant noire, \u00e0&nbsp;souche&nbsp;souterraine charg\u00e9e d&#8217;\u00e9cailles&nbsp;blanches,&nbsp;imbriqu\u00e9es, charnues, suborbiculaires en c\u0153ur&nbsp;<br>&#8211;&nbsp;tige&nbsp;nulle ou tr\u00e8s courte&nbsp;<br>&#8211;&nbsp;fleurs&nbsp;d&#8217;un beau violet pourpre, grandes, dress\u00e9es, en touffes corymbiformes, \u00e0&nbsp;p\u00e9doncules&nbsp;longs de 2-4 cm, naissant de la&nbsp;souche&nbsp;au niveau du sol<br>&#8211;&nbsp;calice&nbsp;glabre, tubuleux en cloche, \u00e0&nbsp;lobes&nbsp;triangulaires&nbsp;<br>&#8211;&nbsp;corolle&nbsp;2-3 fois plus longue que le&nbsp;calice&nbsp;<br>&#8211;&nbsp;capsule&nbsp;globuleuse, \u00e0 4-3 graines anguleuses.<\/td>\n<\/tr>\n<tr>\n<td><span class=\"titre\">\u00c9cologie&nbsp;<\/span>Sur les&nbsp;<span class=\"definition_term\">racines<\/span>&nbsp;des&nbsp;<span class=\"definition_term\">arbres<\/span>&nbsp;dans les lieux humides et ombrag\u00e9s, dans tout l&#8217;Ouest et le Centre jusque dans le Gard et la Loz\u00e8re&nbsp;; nul dans le Nord et tout l&#8217;Est.<\/td>\n<\/tr>\n<tr>\n<td><span class=\"titre\">R\u00e9partition&nbsp;<\/span>Espagne, Belgique, Italie.<\/td>\n<\/tr>\n<tr>\n<td><span class=\"titre\">Floraison&nbsp;<\/span>Mars-mai.<\/td>\n<\/tr>\n<\/tbody>\n<\/table>\n","protected":false},"excerpt":{"rendered":"<p>2802 Lathr\u00e6a Clandestina Synonymes&nbsp;CLANDESTINA RECTIFLORA Lamk &#8211; Plante&nbsp;vivace,&nbsp;glabre, devenant noire, \u00e0&nbsp;souche&nbsp;souterraine charg\u00e9e d&#8217;\u00e9cailles&nbsp;blanches,&nbsp;imbriqu\u00e9es, charnues, suborbiculaires en c\u0153ur&nbsp;&#8211;&nbsp;tige&nbsp;nulle ou tr\u00e8s courte&nbsp;&#8211;&nbsp;fleurs&nbsp;d&#8217;un beau violet pourpre, grandes, dress\u00e9es, en touffes corymbiformes, \u00e0&nbsp;p\u00e9doncules&nbsp;longs de 2-4 cm, naissant de la&nbsp;souche&nbsp;au niveau du sol&#8211;&nbsp;calice&nbsp;glabre, tubuleux en cloche, \u00e0&nbsp;lobes&nbsp;triangulaires&nbsp;&#8211;&nbsp;corolle&nbsp;2-3 fois plus longue que le&nbsp;calice&nbsp;&#8211;&nbsp;capsule&nbsp;globuleuse, \u00e0 4-3 graines anguleuses. \u00c9cologie&nbsp;Sur les&nbsp;racines&nbsp;des&nbsp;arbres&nbsp;dans les lieux&hellip;<\/p>\n","protected":false},"author":1,"featured_media":964,"parent":0,"menu_order":0,"comment_status":"closed","ping_status":"closed","template":"","meta":{"_acf_changed":false,"footnotes":""},"categories":[177,178,6],"tags":[],"class_list":["post-1049","page","type-page","status-publish","has-post-thumbnail","hentry","category-lathraea","category-orobanchaceae","category-plantae"],"acf":[],"_links":{"self":[{"href":"https:\/\/www.rezeau.org\/wp-flore\/wp-json\/wp\/v2\/pages\/1049","targetHints":{"allow":["GET"]}}],"collection":[{"href":"https:\/\/www.rezeau.org\/wp-flore\/wp-json\/wp\/v2\/pages"}],"about":[{"href":"https:\/\/www.rezeau.org\/wp-flore\/wp-json\/wp\/v2\/types\/page"}],"author":[{"embeddable":true,"href":"https:\/\/www.rezeau.org\/wp-flore\/wp-json\/wp\/v2\/users\/1"}],"replies":[{"embeddable":true,"href":"https:\/\/www.rezeau.org\/wp-flore\/wp-json\/wp\/v2\/comments?post=1049"}],"version-history":[{"count":4,"href":"https:\/\/www.rezeau.org\/wp-flore\/wp-json\/wp\/v2\/pages\/1049\/revisions"}],"predecessor-version":[{"id":4378,"href":"https:\/\/www.rezeau.org\/wp-flore\/wp-json\/wp\/v2\/pages\/1049\/revisions\/4378"}],"wp:featuredmedia":[{"embeddable":true,"href":"https:\/\/www.rezeau.org\/wp-flore\/wp-json\/wp\/v2\/media\/964"}],"wp:attachment":[{"href":"https:\/\/www.rezeau.org\/wp-flore\/wp-json\/wp\/v2\/media?parent=1049"}],"wp:term":[{"taxonomy":"category","embeddable":true,"href":"https:\/\/www.rezeau.org\/wp-flore\/wp-json\/wp\/v2\/categories?post=1049"},{"taxonomy":"post_tag","embeddable":true,"href":"https:\/\/www.rezeau.org\/wp-flore\/wp-json\/wp\/v2\/tags?post=1049"}],"curies":[{"name":"wp","href":"https:\/\/api.w.org\/{rel}","templated":true}]}}