{"id":1086,"date":"2016-03-17T08:53:10","date_gmt":"2016-03-17T07:53:10","guid":{"rendered":"http:\/\/www.rezeau.org\/wp-flore\/?page_id=1086"},"modified":"2021-06-21T22:59:44","modified_gmt":"2021-06-21T20:59:44","slug":"lathyrus-pratensis-l","status":"publish","type":"page","link":"https:\/\/www.rezeau.org\/wp-flore\/lathyrus-pratensis-l\/","title":{"rendered":"Lathyrus pratensis"},"content":{"rendered":"\n<table class=\"desc\">\n<tbody>\n<tr>\n<td><span class=\"gras\">1039 Lathyrus pratensis L.<\/span><\/td>\n<\/tr>\n<tr>\n<td>&#8211; Plante&nbsp;vivace&nbsp;de 30-80 cm,&nbsp;pubescente, \u00e0&nbsp;souche&nbsp;rampante&nbsp;<br>&#8211;&nbsp;tiges&nbsp;anguleuses,&nbsp;grimpantes&nbsp;<br>&#8211;&nbsp;feuilles&nbsp;\u00e0 1 seule paire de&nbsp;folioles&nbsp;lanc\u00e9ol\u00e9es-aigu\u00ebs&nbsp;<br>&#8211;&nbsp;vrilles&nbsp;rameuses&nbsp;<br>&#8211;&nbsp;stipules&nbsp;grandes,&nbsp;ovales-lanc\u00e9ol\u00e9es,&nbsp;sagitt\u00e9es&nbsp;<br>&#8211;&nbsp;fleurs&nbsp;jaunes, assez grandes (12-16 mm), 4-10 en&nbsp;grappes&nbsp;l\u00e2ches plus longues que la&nbsp;feuille&nbsp;<br>&#8211;&nbsp;calice&nbsp;\u00e0 dents presque \u00e9gales, \u00e9galant le&nbsp;tube&nbsp;<br>&#8211;&nbsp;\u00e9tendard&nbsp;vein\u00e9 de violet&nbsp;<br>&#8211;&nbsp;style&nbsp;droit, non tordu&nbsp;<br>&#8211;&nbsp;gousses&nbsp;courtes, de 20-30 mm sur 5, non&nbsp;stipit\u00e9es, obliquement&nbsp;vein\u00e9es,&nbsp;glabres&nbsp;ou&nbsp;pubescentes, noires \u00e0 la maturit\u00e9&nbsp;<br>&#8211;&nbsp;hile&nbsp;\u00e9galant le 5e du contour de la graine.<\/td>\n<\/tr>\n<tr>\n<td><span class=\"titre\">\u00c9cologie&nbsp;<\/span>Haies, pr\u00e9s, bois, dans toute la France et en Corse.<\/td>\n<\/tr>\n<tr>\n<td><span class=\"titre\">R\u00e9partition&nbsp;<\/span>Europe&nbsp;; Asie occidentale jusqu&#8217;\u00e0 l&#8217;Himalaya&nbsp;; Abyssinie, Maroc.<\/td>\n<\/tr>\n<tr>\n<td><span class=\"titre\">Floraison&nbsp;<\/span>Mai-ao\u00fbt.<\/td>\n<\/tr>\n<\/tbody>\n<\/table>\n","protected":false},"excerpt":{"rendered":"<p>1039 Lathyrus pratensis L. &#8211; Plante&nbsp;vivace&nbsp;de 30-80 cm,&nbsp;pubescente, \u00e0&nbsp;souche&nbsp;rampante&nbsp;&#8211;&nbsp;tiges&nbsp;anguleuses,&nbsp;grimpantes&nbsp;&#8211;&nbsp;feuilles&nbsp;\u00e0 1 seule paire de&nbsp;folioles&nbsp;lanc\u00e9ol\u00e9es-aigu\u00ebs&nbsp;&#8211;&nbsp;vrilles&nbsp;rameuses&nbsp;&#8211;&nbsp;stipules&nbsp;grandes,&nbsp;ovales-lanc\u00e9ol\u00e9es,&nbsp;sagitt\u00e9es&nbsp;&#8211;&nbsp;fleurs&nbsp;jaunes, assez grandes (12-16 mm), 4-10 en&nbsp;grappes&nbsp;l\u00e2ches plus longues que la&nbsp;feuille&nbsp;&#8211;&nbsp;calice&nbsp;\u00e0 dents presque \u00e9gales, \u00e9galant le&nbsp;tube&nbsp;&#8211;&nbsp;\u00e9tendard&nbsp;vein\u00e9 de violet&nbsp;&#8211;&nbsp;style&nbsp;droit, non tordu&nbsp;&#8211;&nbsp;gousses&nbsp;courtes, de 20-30 mm sur 5, non&nbsp;stipit\u00e9es, obliquement&nbsp;vein\u00e9es,&nbsp;glabres&nbsp;ou&nbsp;pubescentes, noires \u00e0 la maturit\u00e9&nbsp;&#8211;&nbsp;hile&nbsp;\u00e9galant le 5e du contour de la graine. \u00c9cologie&nbsp;Haies, pr\u00e9s, bois, dans toute&hellip;<\/p>\n","protected":false},"author":1,"featured_media":1057,"parent":0,"menu_order":0,"comment_status":"closed","ping_status":"closed","template":"","meta":{"_acf_changed":false,"footnotes":""},"categories":[33,179,6],"tags":[],"class_list":["post-1086","page","type-page","status-publish","has-post-thumbnail","hentry","category-fabaceae","category-lathyrus","category-plantae"],"acf":[],"_links":{"self":[{"href":"https:\/\/www.rezeau.org\/wp-flore\/wp-json\/wp\/v2\/pages\/1086","targetHints":{"allow":["GET"]}}],"collection":[{"href":"https:\/\/www.rezeau.org\/wp-flore\/wp-json\/wp\/v2\/pages"}],"about":[{"href":"https:\/\/www.rezeau.org\/wp-flore\/wp-json\/wp\/v2\/types\/page"}],"author":[{"embeddable":true,"href":"https:\/\/www.rezeau.org\/wp-flore\/wp-json\/wp\/v2\/users\/1"}],"replies":[{"embeddable":true,"href":"https:\/\/www.rezeau.org\/wp-flore\/wp-json\/wp\/v2\/comments?post=1086"}],"version-history":[{"count":3,"href":"https:\/\/www.rezeau.org\/wp-flore\/wp-json\/wp\/v2\/pages\/1086\/revisions"}],"predecessor-version":[{"id":4379,"href":"https:\/\/www.rezeau.org\/wp-flore\/wp-json\/wp\/v2\/pages\/1086\/revisions\/4379"}],"wp:featuredmedia":[{"embeddable":true,"href":"https:\/\/www.rezeau.org\/wp-flore\/wp-json\/wp\/v2\/media\/1057"}],"wp:attachment":[{"href":"https:\/\/www.rezeau.org\/wp-flore\/wp-json\/wp\/v2\/media?parent=1086"}],"wp:term":[{"taxonomy":"category","embeddable":true,"href":"https:\/\/www.rezeau.org\/wp-flore\/wp-json\/wp\/v2\/categories?post=1086"},{"taxonomy":"post_tag","embeddable":true,"href":"https:\/\/www.rezeau.org\/wp-flore\/wp-json\/wp\/v2\/tags?post=1086"}],"curies":[{"name":"wp","href":"https:\/\/api.w.org\/{rel}","templated":true}]}}