{"id":1408,"date":"2016-03-19T11:46:29","date_gmt":"2016-03-19T10:46:29","guid":{"rendered":"http:\/\/www.rezeau.org\/wp-flore\/?page_id=1408"},"modified":"2021-06-22T16:07:36","modified_gmt":"2021-06-22T14:07:36","slug":"plantago-major-l","status":"publish","type":"page","link":"https:\/\/www.rezeau.org\/wp-flore\/plantago-major-l\/","title":{"rendered":"Plantago major"},"content":{"rendered":"\n<h4>Description de Coste<\/h4>\n<table class=\"desc\">\n<tbody>\n<tr>\n<td><span class=\"gras\">3013 Plantago major L.&nbsp;<\/span><span class=\"italique\">Grand plantain<\/span><\/td>\n<\/tr>\n<tr>\n<td>&#8211; . Plante&nbsp;vivace&nbsp;de 10-50 cm,&nbsp;glabrescente&nbsp;ou&nbsp;pubescente, \u00e0&nbsp;souche&nbsp;courte&nbsp;<br>&#8211;&nbsp;hampes&nbsp;dress\u00e9es ou&nbsp;ascendantes, non&nbsp;stri\u00e9es, \u00e9galant \u00e0 peine ou d\u00e9passant les&nbsp;feuilles&nbsp;<br>&#8211; celles-ci en&nbsp;rosette, \u00e9paisses, largement&nbsp;ovales, \u00e0&nbsp;p\u00e9tiole&nbsp;assez long, un peu ail\u00e9 et bien plus large que les&nbsp;hampes, \u00e0 5-9 fortes&nbsp;nervures&nbsp;<br>&#8211;&nbsp;\u00e9pi&nbsp;allong\u00e9, cylindrique, un peu l\u00e2che \u00e0 la base&nbsp;<br>&#8211;&nbsp;bract\u00e9es&nbsp;ovales-obtuses, un peu&nbsp;scarieuses, vertes sur le dos, \u00e9galant la moiti\u00e9 des&nbsp;s\u00e9pales&nbsp;arrondis&nbsp;<br>&#8211;&nbsp;corolle&nbsp;gris\u00e2tre,&nbsp;glabre, \u00e0&nbsp;lobes&nbsp;obtus&nbsp;<br>&#8211;&nbsp;anth\u00e8res&nbsp;brunes,&nbsp;filets&nbsp;bri\u00e8vement&nbsp;saillants&nbsp;<br>&#8211;&nbsp;capsule&nbsp;\u00e0 8-16 graines petites anguleuses. Varie \u00e0 plante plus petite,&nbsp;feuilles&nbsp;\u00e0 3-5&nbsp;nervures,&nbsp;\u00e9pi&nbsp;court, avec&nbsp;hampes&nbsp;arqu\u00e9es-ascendantes&nbsp;(P. intermedia Gilib.) ou dress\u00e9es (P. minima DC.).<\/td>\n<\/tr>\n<tr>\n<td><span class=\"titre\">\u00c9cologie&nbsp;<\/span>Chemins, lieux incultes, dans toute la France et la Corse.<\/td>\n<\/tr>\n<tr>\n<td><span class=\"titre\">R\u00e9partition&nbsp;<\/span>Europe, Asie, Afrique, et dans presque toutes les r\u00e9gions temp\u00e9r\u00e9es du globe.<\/td>\n<\/tr>\n<tr>\n<td><span class=\"titre\">Floraison&nbsp;<\/span>Mai-novembre.<\/td>\n<\/tr>\n<\/tbody>\n<\/table>\n","protected":false},"excerpt":{"rendered":"<p>Description de Coste 3013 Plantago major L.&nbsp;Grand plantain &#8211; . Plante&nbsp;vivace&nbsp;de 10-50 cm,&nbsp;glabrescente&nbsp;ou&nbsp;pubescente, \u00e0&nbsp;souche&nbsp;courte&nbsp;&#8211;&nbsp;hampes&nbsp;dress\u00e9es ou&nbsp;ascendantes, non&nbsp;stri\u00e9es, \u00e9galant \u00e0 peine ou d\u00e9passant les&nbsp;feuilles&nbsp;&#8211; celles-ci en&nbsp;rosette, \u00e9paisses, largement&nbsp;ovales, \u00e0&nbsp;p\u00e9tiole&nbsp;assez long, un peu ail\u00e9 et bien plus large que les&nbsp;hampes, \u00e0 5-9 fortes&nbsp;nervures&nbsp;&#8211;&nbsp;\u00e9pi&nbsp;allong\u00e9, cylindrique, un peu l\u00e2che \u00e0 la base&nbsp;&#8211;&nbsp;bract\u00e9es&nbsp;ovales-obtuses, un peu&nbsp;scarieuses, vertes sur le dos, \u00e9galant la&hellip;<\/p>\n","protected":false},"author":1,"featured_media":1360,"parent":0,"menu_order":0,"comment_status":"closed","ping_status":"closed","template":"","meta":{"_acf_changed":false,"footnotes":""},"categories":[6,50,205],"tags":[],"class_list":["post-1408","page","type-page","status-publish","has-post-thumbnail","hentry","category-plantae","category-plantaginaceae","category-plantago"],"acf":[],"_links":{"self":[{"href":"https:\/\/www.rezeau.org\/wp-flore\/wp-json\/wp\/v2\/pages\/1408","targetHints":{"allow":["GET"]}}],"collection":[{"href":"https:\/\/www.rezeau.org\/wp-flore\/wp-json\/wp\/v2\/pages"}],"about":[{"href":"https:\/\/www.rezeau.org\/wp-flore\/wp-json\/wp\/v2\/types\/page"}],"author":[{"embeddable":true,"href":"https:\/\/www.rezeau.org\/wp-flore\/wp-json\/wp\/v2\/users\/1"}],"replies":[{"embeddable":true,"href":"https:\/\/www.rezeau.org\/wp-flore\/wp-json\/wp\/v2\/comments?post=1408"}],"version-history":[{"count":3,"href":"https:\/\/www.rezeau.org\/wp-flore\/wp-json\/wp\/v2\/pages\/1408\/revisions"}],"predecessor-version":[{"id":4430,"href":"https:\/\/www.rezeau.org\/wp-flore\/wp-json\/wp\/v2\/pages\/1408\/revisions\/4430"}],"wp:featuredmedia":[{"embeddable":true,"href":"https:\/\/www.rezeau.org\/wp-flore\/wp-json\/wp\/v2\/media\/1360"}],"wp:attachment":[{"href":"https:\/\/www.rezeau.org\/wp-flore\/wp-json\/wp\/v2\/media?parent=1408"}],"wp:term":[{"taxonomy":"category","embeddable":true,"href":"https:\/\/www.rezeau.org\/wp-flore\/wp-json\/wp\/v2\/categories?post=1408"},{"taxonomy":"post_tag","embeddable":true,"href":"https:\/\/www.rezeau.org\/wp-flore\/wp-json\/wp\/v2\/tags?post=1408"}],"curies":[{"name":"wp","href":"https:\/\/api.w.org\/{rel}","templated":true}]}}