{"id":1574,"date":"2016-03-21T12:18:57","date_gmt":"2016-03-21T11:18:57","guid":{"rendered":"http:\/\/www.rezeau.org\/wp-flore\/?page_id=1574"},"modified":"2017-11-12T15:30:37","modified_gmt":"2017-11-12T14:30:37","slug":"rorippa-amphibia-l","status":"publish","type":"page","link":"https:\/\/www.rezeau.org\/wp-flore\/rorippa-amphibia-l\/","title":{"rendered":"Rorippa amphibia"},"content":{"rendered":"<pre>218 Nasturtium amphibium Synonymes RORIPA AMPHIBIA Bess.<\/pre>\n<p>&#8211; Plante vivace, \u00e0 souche courte, stolonif\u00e8re<br \/>\n&#8211; tige atteignant 1 m\u00e8tre, robuste, creuse, dress\u00e9e ou couch\u00e9e-radicante \u00e0 la base<br \/>\n&#8211; feuilles inf\u00e9rieures incis\u00e9es-dent\u00e9es, lyr\u00e9es ou pennatifides, les sup\u00e9rieures lanc\u00e9ol\u00e9es, dent\u00e9es ou enti\u00e8res, demi-embrassantes, souvent auricul\u00e9es<br \/>\n&#8211; fleurs jaunes, assez grandes<br \/>\n&#8211; s\u00e9pales jaunes<br \/>\n&#8211; p\u00e9tales 2 fois plus longs que le calice<br \/>\n&#8211; p\u00e9dicelles 3-4 fois plus longs que les silicules, tr\u00e8s \u00e9tal\u00e9s<br \/>\n&#8211; silicules petites, ovales ou elliptiques<br \/>\n&#8211; bec \u00e9galant le tiers de la silicule<br \/>\n&#8211; graines brun\u00e2tres, ponctu\u00e9es.<\/p>\n","protected":false},"excerpt":{"rendered":"<p>218 Nasturtium amphibium Synonymes RORIPA AMPHIBIA Bess. &#8211; Plante vivace, \u00e0 souche courte, stolonif\u00e8re &#8211; tige atteignant 1 m\u00e8tre, robuste, creuse, dress\u00e9e ou couch\u00e9e-radicante \u00e0 la base &#8211; feuilles inf\u00e9rieures incis\u00e9es-dent\u00e9es, lyr\u00e9es ou pennatifides, les sup\u00e9rieures lanc\u00e9ol\u00e9es, dent\u00e9es ou enti\u00e8res, demi-embrassantes, souvent auricul\u00e9es &#8211; fleurs jaunes, assez grandes &#8211; s\u00e9pales jaunes &#8211; p\u00e9tales 2 fois&hellip;<\/p>\n","protected":false},"author":1,"featured_media":1539,"parent":0,"menu_order":0,"comment_status":"closed","ping_status":"closed","template":"","meta":{"_acf_changed":false,"footnotes":""},"categories":[17,6,217],"tags":[],"class_list":["post-1574","page","type-page","status-publish","has-post-thumbnail","hentry","category-brassicaceae","category-plantae","category-rorippa"],"acf":[],"_links":{"self":[{"href":"https:\/\/www.rezeau.org\/wp-flore\/wp-json\/wp\/v2\/pages\/1574","targetHints":{"allow":["GET"]}}],"collection":[{"href":"https:\/\/www.rezeau.org\/wp-flore\/wp-json\/wp\/v2\/pages"}],"about":[{"href":"https:\/\/www.rezeau.org\/wp-flore\/wp-json\/wp\/v2\/types\/page"}],"author":[{"embeddable":true,"href":"https:\/\/www.rezeau.org\/wp-flore\/wp-json\/wp\/v2\/users\/1"}],"replies":[{"embeddable":true,"href":"https:\/\/www.rezeau.org\/wp-flore\/wp-json\/wp\/v2\/comments?post=1574"}],"version-history":[{"count":4,"href":"https:\/\/www.rezeau.org\/wp-flore\/wp-json\/wp\/v2\/pages\/1574\/revisions"}],"predecessor-version":[{"id":3752,"href":"https:\/\/www.rezeau.org\/wp-flore\/wp-json\/wp\/v2\/pages\/1574\/revisions\/3752"}],"wp:featuredmedia":[{"embeddable":true,"href":"https:\/\/www.rezeau.org\/wp-flore\/wp-json\/wp\/v2\/media\/1539"}],"wp:attachment":[{"href":"https:\/\/www.rezeau.org\/wp-flore\/wp-json\/wp\/v2\/media?parent=1574"}],"wp:term":[{"taxonomy":"category","embeddable":true,"href":"https:\/\/www.rezeau.org\/wp-flore\/wp-json\/wp\/v2\/categories?post=1574"},{"taxonomy":"post_tag","embeddable":true,"href":"https:\/\/www.rezeau.org\/wp-flore\/wp-json\/wp\/v2\/tags?post=1574"}],"curies":[{"name":"wp","href":"https:\/\/api.w.org\/{rel}","templated":true}]}}