{"id":1642,"date":"2016-03-22T09:18:42","date_gmt":"2016-03-22T08:18:42","guid":{"rendered":"http:\/\/www.rezeau.org\/wp-flore\/?page_id=1642"},"modified":"2017-11-12T15:58:04","modified_gmt":"2017-11-12T14:58:04","slug":"senecio-vulgaris-l","status":"publish","type":"page","link":"https:\/\/www.rezeau.org\/wp-flore\/senecio-vulgaris-l\/","title":{"rendered":"Senecio vulgaris"},"content":{"rendered":"<pre>1818 Senecio vulgaris L. S\u00e9ne\u00e7on commun<\/pre>\n<p>&#8211; . Plante annuelle de 2-4 dm, \u00e0 tige dress\u00e9e, rameuse<br \/>\n&#8211; feuilles presque glabres ou pubescentes-aran\u00e9euses pennatipartites ou pennatifides \u00e0 lobes \u00e9gaux, \u00e9tal\u00e9s, anguleux, dent\u00e9s, les inf\u00e9rieures att\u00e9nu\u00e9es en p\u00e9tiole, les caulinaires sessiles, embrassantes et auricul\u00e9es<br \/>\n&#8211; involucre cylindrique, glabre, \u00e0 folioles tach\u00e9es de noir au sommet et pourvu d&#8217;un calicule de 8-10 petites folioles 4 fois plus courtes<br \/>\n&#8211; ak\u00e8nes pubescents<br \/>\n&#8211; capitules petites \u00e0 fleurs jaunes, toutes tubuleuses.<\/p>\n","protected":false},"excerpt":{"rendered":"<p>1818 Senecio vulgaris L. S\u00e9ne\u00e7on commun &#8211; . Plante annuelle de 2-4 dm, \u00e0 tige dress\u00e9e, rameuse &#8211; feuilles presque glabres ou pubescentes-aran\u00e9euses pennatipartites ou pennatifides \u00e0 lobes \u00e9gaux, \u00e9tal\u00e9s, anguleux, dent\u00e9s, les inf\u00e9rieures att\u00e9nu\u00e9es en p\u00e9tiole, les caulinaires sessiles, embrassantes et auricul\u00e9es &#8211; involucre cylindrique, glabre, \u00e0 folioles tach\u00e9es de noir au sommet et&hellip;<\/p>\n","protected":false},"author":1,"featured_media":1564,"parent":0,"menu_order":0,"comment_status":"closed","ping_status":"closed","template":"","meta":{"_acf_changed":false,"footnotes":""},"categories":[14,6,100],"tags":[],"class_list":["post-1642","page","type-page","status-publish","has-post-thumbnail","hentry","category-asteraceae","category-plantae","category-senecio"],"acf":[],"_links":{"self":[{"href":"https:\/\/www.rezeau.org\/wp-flore\/wp-json\/wp\/v2\/pages\/1642","targetHints":{"allow":["GET"]}}],"collection":[{"href":"https:\/\/www.rezeau.org\/wp-flore\/wp-json\/wp\/v2\/pages"}],"about":[{"href":"https:\/\/www.rezeau.org\/wp-flore\/wp-json\/wp\/v2\/types\/page"}],"author":[{"embeddable":true,"href":"https:\/\/www.rezeau.org\/wp-flore\/wp-json\/wp\/v2\/users\/1"}],"replies":[{"embeddable":true,"href":"https:\/\/www.rezeau.org\/wp-flore\/wp-json\/wp\/v2\/comments?post=1642"}],"version-history":[{"count":4,"href":"https:\/\/www.rezeau.org\/wp-flore\/wp-json\/wp\/v2\/pages\/1642\/revisions"}],"predecessor-version":[{"id":3775,"href":"https:\/\/www.rezeau.org\/wp-flore\/wp-json\/wp\/v2\/pages\/1642\/revisions\/3775"}],"wp:featuredmedia":[{"embeddable":true,"href":"https:\/\/www.rezeau.org\/wp-flore\/wp-json\/wp\/v2\/media\/1564"}],"wp:attachment":[{"href":"https:\/\/www.rezeau.org\/wp-flore\/wp-json\/wp\/v2\/media?parent=1642"}],"wp:term":[{"taxonomy":"category","embeddable":true,"href":"https:\/\/www.rezeau.org\/wp-flore\/wp-json\/wp\/v2\/categories?post=1642"},{"taxonomy":"post_tag","embeddable":true,"href":"https:\/\/www.rezeau.org\/wp-flore\/wp-json\/wp\/v2\/tags?post=1642"}],"curies":[{"name":"wp","href":"https:\/\/api.w.org\/{rel}","templated":true}]}}