{"id":1850,"date":"2016-03-24T10:26:39","date_gmt":"2016-03-24T09:26:39","guid":{"rendered":"http:\/\/www.rezeau.org\/wp-flore\/?page_id=1850"},"modified":"2017-11-13T11:57:34","modified_gmt":"2017-11-13T10:57:34","slug":"trifolium-campestre-schreb","status":"publish","type":"page","link":"https:\/\/www.rezeau.org\/wp-flore\/trifolium-campestre-schreb\/","title":{"rendered":"Trifolium campestre"},"content":{"rendered":"<pre>868 Trifolium campestre Synonymes T. AGRARIUM G. G.<\/pre>\n<p>&#8211; Plante annuelle de 5-50 cm, pubescente, assez robuste, dress\u00e9e ou ascendante<br \/>\n&#8211; feuilles sup\u00e9rieures alternes<br \/>\n&#8211; folioles obovales en coin, denticul\u00e9es, la terminale p\u00e9tiolul\u00e9e<br \/>\n&#8211; stipules ovales-lanc\u00e9ol\u00e9es, dilat\u00e9es \u00e0 la base, plus courtes que le p\u00e9tiole<br \/>\n&#8211; fleurs d&#8217;un jaune dor\u00e9, \u00e0 la fin rouss\u00e2tres, 20-40 en t\u00eates assez grosses, ovales, serr\u00e9es<br \/>\n&#8211; p\u00e9doncules assez raides, d\u00e9passant la feuille<br \/>\n&#8211; \u00e9tendard fortement stri\u00e9, aplani sur le dos, courb\u00e9 en cuiller, bien plus long que les ailes divergentes<br \/>\n&#8211; style 3-4 fois plus court que la gousse stipit\u00e9e.<\/p>\n","protected":false},"excerpt":{"rendered":"<p>868 Trifolium campestre Synonymes T. AGRARIUM G. G. &#8211; Plante annuelle de 5-50 cm, pubescente, assez robuste, dress\u00e9e ou ascendante &#8211; feuilles sup\u00e9rieures alternes &#8211; folioles obovales en coin, denticul\u00e9es, la terminale p\u00e9tiolul\u00e9e &#8211; stipules ovales-lanc\u00e9ol\u00e9es, dilat\u00e9es \u00e0 la base, plus courtes que le p\u00e9tiole &#8211; fleurs d&#8217;un jaune dor\u00e9, \u00e0 la fin rouss\u00e2tres, 20-40&hellip;<\/p>\n","protected":false},"author":1,"featured_media":1848,"parent":0,"menu_order":0,"comment_status":"closed","ping_status":"closed","template":"","meta":{"_acf_changed":false,"footnotes":""},"categories":[33,6,234],"tags":[],"class_list":["post-1850","page","type-page","status-publish","has-post-thumbnail","hentry","category-fabaceae","category-plantae","category-trifolium"],"acf":[],"_links":{"self":[{"href":"https:\/\/www.rezeau.org\/wp-flore\/wp-json\/wp\/v2\/pages\/1850","targetHints":{"allow":["GET"]}}],"collection":[{"href":"https:\/\/www.rezeau.org\/wp-flore\/wp-json\/wp\/v2\/pages"}],"about":[{"href":"https:\/\/www.rezeau.org\/wp-flore\/wp-json\/wp\/v2\/types\/page"}],"author":[{"embeddable":true,"href":"https:\/\/www.rezeau.org\/wp-flore\/wp-json\/wp\/v2\/users\/1"}],"replies":[{"embeddable":true,"href":"https:\/\/www.rezeau.org\/wp-flore\/wp-json\/wp\/v2\/comments?post=1850"}],"version-history":[{"count":3,"href":"https:\/\/www.rezeau.org\/wp-flore\/wp-json\/wp\/v2\/pages\/1850\/revisions"}],"predecessor-version":[{"id":3813,"href":"https:\/\/www.rezeau.org\/wp-flore\/wp-json\/wp\/v2\/pages\/1850\/revisions\/3813"}],"wp:featuredmedia":[{"embeddable":true,"href":"https:\/\/www.rezeau.org\/wp-flore\/wp-json\/wp\/v2\/media\/1848"}],"wp:attachment":[{"href":"https:\/\/www.rezeau.org\/wp-flore\/wp-json\/wp\/v2\/media?parent=1850"}],"wp:term":[{"taxonomy":"category","embeddable":true,"href":"https:\/\/www.rezeau.org\/wp-flore\/wp-json\/wp\/v2\/categories?post=1850"},{"taxonomy":"post_tag","embeddable":true,"href":"https:\/\/www.rezeau.org\/wp-flore\/wp-json\/wp\/v2\/tags?post=1850"}],"curies":[{"name":"wp","href":"https:\/\/api.w.org\/{rel}","templated":true}]}}