{"id":1928,"date":"2016-03-24T11:40:51","date_gmt":"2016-03-24T10:40:51","guid":{"rendered":"http:\/\/www.rezeau.org\/wp-flore\/?page_id=1928"},"modified":"2017-11-13T14:22:29","modified_gmt":"2017-11-13T13:22:29","slug":"veronica-persica-poir","status":"publish","type":"page","link":"https:\/\/www.rezeau.org\/wp-flore\/veronica-persica-poir\/","title":{"rendered":"Veronica persica"},"content":{"rendered":"<pre>2728 Veronica persica Synonymes V. BUXBAUMII Ten., V. TOURNEFORTII Gmel.<\/pre>\n<p>&#8211; Plante annuelle de 10-40 cm, pubescente, \u00e0 tiges couch\u00e9es-diffuses ou ascendantes<br \/>\n&#8211; feuilles inf\u00e9rieurs oppos\u00e9es, les autres alternes, courtement p\u00e9tiol\u00e9es, ovales en coeur, fortement dent\u00e9es<br \/>\n&#8211; fleurs d&#8217;un beau bleu, grandes, espac\u00e9es, solitaires sur des p\u00e9doncules axillaires, filiformes, \u00e0 la fin arqu\u00e9s-r\u00e9fl\u00e9chis et 1-3 fois plus longs que la feuille<br \/>\n&#8211; calice \u00e0 4 lobes divariqu\u00e9s deux \u00e0 deux, lanc\u00e9ol\u00e9s, \u00e0 peine cili\u00e9s<br \/>\n&#8211; corolle d\u00e9passant le calice<br \/>\n&#8211; style de 2 mm<br \/>\n&#8211; capsule pubescente, nerv\u00e9e-r\u00e9ticul\u00e9e, large de 6-7 mm sur 4-5 de haut, largement \u00e9margin\u00e9e, \u00e0 lobes comprim\u00e9s et tr\u00e8s divergents, chacun \u00e0 4-8 graines.<\/p>\n","protected":false},"excerpt":{"rendered":"<p>2728 Veronica persica Synonymes V. BUXBAUMII Ten., V. TOURNEFORTII Gmel. &#8211; Plante annuelle de 10-40 cm, pubescente, \u00e0 tiges couch\u00e9es-diffuses ou ascendantes &#8211; feuilles inf\u00e9rieurs oppos\u00e9es, les autres alternes, courtement p\u00e9tiol\u00e9es, ovales en coeur, fortement dent\u00e9es &#8211; fleurs d&#8217;un beau bleu, grandes, espac\u00e9es, solitaires sur des p\u00e9doncules axillaires, filiformes, \u00e0 la fin arqu\u00e9s-r\u00e9fl\u00e9chis et 1-3&hellip;<\/p>\n","protected":false},"author":1,"featured_media":1689,"parent":0,"menu_order":0,"comment_status":"closed","ping_status":"closed","template":"","meta":{"_acf_changed":false,"footnotes":""},"categories":[6,50,242],"tags":[],"class_list":["post-1928","page","type-page","status-publish","has-post-thumbnail","hentry","category-plantae","category-plantaginaceae","category-veronica"],"acf":[],"_links":{"self":[{"href":"https:\/\/www.rezeau.org\/wp-flore\/wp-json\/wp\/v2\/pages\/1928","targetHints":{"allow":["GET"]}}],"collection":[{"href":"https:\/\/www.rezeau.org\/wp-flore\/wp-json\/wp\/v2\/pages"}],"about":[{"href":"https:\/\/www.rezeau.org\/wp-flore\/wp-json\/wp\/v2\/types\/page"}],"author":[{"embeddable":true,"href":"https:\/\/www.rezeau.org\/wp-flore\/wp-json\/wp\/v2\/users\/1"}],"replies":[{"embeddable":true,"href":"https:\/\/www.rezeau.org\/wp-flore\/wp-json\/wp\/v2\/comments?post=1928"}],"version-history":[{"count":3,"href":"https:\/\/www.rezeau.org\/wp-flore\/wp-json\/wp\/v2\/pages\/1928\/revisions"}],"predecessor-version":[{"id":3843,"href":"https:\/\/www.rezeau.org\/wp-flore\/wp-json\/wp\/v2\/pages\/1928\/revisions\/3843"}],"wp:featuredmedia":[{"embeddable":true,"href":"https:\/\/www.rezeau.org\/wp-flore\/wp-json\/wp\/v2\/media\/1689"}],"wp:attachment":[{"href":"https:\/\/www.rezeau.org\/wp-flore\/wp-json\/wp\/v2\/media?parent=1928"}],"wp:term":[{"taxonomy":"category","embeddable":true,"href":"https:\/\/www.rezeau.org\/wp-flore\/wp-json\/wp\/v2\/categories?post=1928"},{"taxonomy":"post_tag","embeddable":true,"href":"https:\/\/www.rezeau.org\/wp-flore\/wp-json\/wp\/v2\/tags?post=1928"}],"curies":[{"name":"wp","href":"https:\/\/api.w.org\/{rel}","templated":true}]}}