{"id":1936,"date":"2016-03-24T11:50:33","date_gmt":"2016-03-24T10:50:33","guid":{"rendered":"http:\/\/www.rezeau.org\/wp-flore\/?page_id=1936"},"modified":"2017-11-13T14:25:27","modified_gmt":"2017-11-13T13:25:27","slug":"vicia-cracca-l","status":"publish","type":"page","link":"https:\/\/www.rezeau.org\/wp-flore\/vicia-cracca-l\/","title":{"rendered":"Vicia cracca"},"content":{"rendered":"<pre>1008 Vicia cracca Synonymes CRACCA MAJOR G. G.<\/pre>\n<p>&#8211; Plante vivace de 1 \u00e0 2 m\u00e8tres, verte, glabrescente ou \u00e0 poils appliqu\u00e9s<br \/>\n&#8211; feuilles \u00e0 8-12 paires de folioles<br \/>\n&#8211; vrilles rameuses<br \/>\n&#8211; stipules enti\u00e8res<br \/>\n&#8211; fleurs bleues, courtes (9-12 mm), s&#8217;ouvrant successivement de bas en haut, 15-20 en grappes d&#8217;abord triangulaires-oblongues, serr\u00e9es, \u00e9galant \u00e0 peine ou d\u00e9passant peu la feuille<br \/>\n&#8211; calice non bossu, \u00e0 dents in\u00e9gales<br \/>\n&#8211; \u00e9tendard \u00e0 limbe de m\u00eame longueur et un peu plus \u00e9troit que l&#8217;onglet<br \/>\n&#8211; gousses de 20-25 mm sur 5-6, glabres, contract\u00e9es en un pied plus court que le tube du calice<br \/>\n&#8211; hile \u00e9galant le tiers du contour de la graine.<\/p>\n","protected":false},"excerpt":{"rendered":"<p>1008 Vicia cracca Synonymes CRACCA MAJOR G. G. &#8211; Plante vivace de 1 \u00e0 2 m\u00e8tres, verte, glabrescente ou \u00e0 poils appliqu\u00e9s &#8211; feuilles \u00e0 8-12 paires de folioles &#8211; vrilles rameuses &#8211; stipules enti\u00e8res &#8211; fleurs bleues, courtes (9-12 mm), s&#8217;ouvrant successivement de bas en haut, 15-20 en grappes d&#8217;abord triangulaires-oblongues, serr\u00e9es, \u00e9galant \u00e0&hellip;<\/p>\n","protected":false},"author":1,"featured_media":1687,"parent":0,"menu_order":0,"comment_status":"closed","ping_status":"closed","template":"","meta":{"_acf_changed":false,"footnotes":""},"categories":[33,6,243],"tags":[],"class_list":["post-1936","page","type-page","status-publish","has-post-thumbnail","hentry","category-fabaceae","category-plantae","category-vicia"],"acf":[],"_links":{"self":[{"href":"https:\/\/www.rezeau.org\/wp-flore\/wp-json\/wp\/v2\/pages\/1936","targetHints":{"allow":["GET"]}}],"collection":[{"href":"https:\/\/www.rezeau.org\/wp-flore\/wp-json\/wp\/v2\/pages"}],"about":[{"href":"https:\/\/www.rezeau.org\/wp-flore\/wp-json\/wp\/v2\/types\/page"}],"author":[{"embeddable":true,"href":"https:\/\/www.rezeau.org\/wp-flore\/wp-json\/wp\/v2\/users\/1"}],"replies":[{"embeddable":true,"href":"https:\/\/www.rezeau.org\/wp-flore\/wp-json\/wp\/v2\/comments?post=1936"}],"version-history":[{"count":3,"href":"https:\/\/www.rezeau.org\/wp-flore\/wp-json\/wp\/v2\/pages\/1936\/revisions"}],"predecessor-version":[{"id":3847,"href":"https:\/\/www.rezeau.org\/wp-flore\/wp-json\/wp\/v2\/pages\/1936\/revisions\/3847"}],"wp:featuredmedia":[{"embeddable":true,"href":"https:\/\/www.rezeau.org\/wp-flore\/wp-json\/wp\/v2\/media\/1687"}],"wp:attachment":[{"href":"https:\/\/www.rezeau.org\/wp-flore\/wp-json\/wp\/v2\/media?parent=1936"}],"wp:term":[{"taxonomy":"category","embeddable":true,"href":"https:\/\/www.rezeau.org\/wp-flore\/wp-json\/wp\/v2\/categories?post=1936"},{"taxonomy":"post_tag","embeddable":true,"href":"https:\/\/www.rezeau.org\/wp-flore\/wp-json\/wp\/v2\/tags?post=1936"}],"curies":[{"name":"wp","href":"https:\/\/api.w.org\/{rel}","templated":true}]}}