{"id":225,"date":"2016-03-10T10:13:46","date_gmt":"2016-03-10T09:13:46","guid":{"rendered":"http:\/\/www.rezeau.org\/wp-flore\/?page_id=225"},"modified":"2021-05-08T23:39:31","modified_gmt":"2021-05-08T21:39:31","slug":"anagallis-arvensis-l","status":"publish","type":"page","link":"https:\/\/www.rezeau.org\/wp-flore\/anagallis-arvensis-l\/","title":{"rendered":"Lysimachia arvensis"},"content":{"rendered":"\n<table class=\"desc\">\n<tbody>\n<tr>\n<td><span class=\"gras\">2454 Anagallis arvensis L.&nbsp;<\/span><span class=\"italique\">Morgeline<\/span><\/td>\n<\/tr>\n<tr>\n<td>&#8211; . Plante&nbsp;<span class=\"definition_term\">annuelle<\/span>&nbsp;de 10-30 cm,&nbsp;<span class=\"definition_term\">glabre<\/span>, tr\u00e8s&nbsp;<span class=\"definition_term\">rameuse<\/span>, \u00e0&nbsp;<span class=\"definition_term\">tiges<\/span>&nbsp;<span class=\"definition_term\">diffuses<\/span>&nbsp;ou&nbsp;<span class=\"definition_term\">\u00e9tal\u00e9es<\/span>&#8211;<span class=\"definition_term\">ascendantes<\/span>&nbsp;<br>&#8211;&nbsp;<span class=\"definition_term\">feuilles<\/span>&nbsp;<span class=\"definition_term\">oppos\u00e9es<\/span>,&nbsp;<span class=\"definition_term\">sessiles<\/span>,&nbsp;<span class=\"definition_term\">ovales<\/span>&nbsp;ou&nbsp;<span class=\"definition_term\">lanc\u00e9ol\u00e9es<\/span>,&nbsp;<span class=\"definition_term\">\u00e9tal\u00e9es<\/span>,&nbsp;<span class=\"definition_term\">ponctu\u00e9es<\/span>&nbsp;de noir en dessous, \u00e0 3-5&nbsp;<span class=\"definition_term\">nervures<\/span>&nbsp;<br>&#8211;&nbsp;<span class=\"definition_term\">fleurs<\/span>&nbsp;solitaires sur des&nbsp;<span class=\"definition_term\">p\u00e9doncules<\/span>&nbsp;<span class=\"definition_term\">oppos\u00e9s<\/span>,&nbsp;<span class=\"definition_term\">filiformes<\/span>, \u00e9galant ou d\u00e9passant peu les&nbsp;<span class=\"definition_term\">feuilles<\/span>, \u00e0 la fin recourb\u00e9s en crochet&nbsp;<br>&#8211;&nbsp;<span class=\"definition_term\">calice<\/span>&nbsp;\u00e0&nbsp;<span class=\"definition_term\">lobes<\/span>&nbsp;<span class=\"definition_term\">lanc\u00e9ol\u00e9s<\/span>&#8211;<span class=\"definition_term\">acumin\u00e9s<\/span>, \u00e0 bords&nbsp;<span class=\"definition_term\">membraneux<\/span>&nbsp;<br>&#8211;&nbsp;<span class=\"definition_term\">corolle<\/span>&nbsp;assez petite, en roue, d\u00e9passant un peu le&nbsp;<span class=\"definition_term\">calice<\/span>, \u00e0&nbsp;<span class=\"definition_term\">lobes<\/span>&nbsp;finement&nbsp;<span class=\"definition_term\">cr\u00e9nel\u00e9s<\/span>&nbsp;ou&nbsp;<span class=\"definition_term\">cili\u00e9s<\/span>&#8211;<span class=\"definition_term\">glanduleux<\/span>&nbsp;<br>&#8211;&nbsp;<span class=\"definition_term\">capsule<\/span>&nbsp;globuleuse, \u00e0 peu pr\u00e8s de la longueur du&nbsp;<span class=\"definition_term\">calice<\/span>. Varie \u00e0&nbsp;<span class=\"definition_term\">fleurs<\/span>&nbsp;rouges ou carn\u00e9es, plante d&#8217;un vert clair (A.&nbsp;<span class=\"definition_term\">PH<\/span>\u0152NICEA Lamk), et \u00e0&nbsp;<span class=\"definition_term\">fleurs<\/span>&nbsp;bleues, plante d&#8217;un vert sombre (A. C\u0152RULEA Lamk).<\/td>\n<\/tr>\n<tr>\n<td><span class=\"titre\">\u00c9cologie&nbsp;<\/span>Lieux cultiv\u00e9s et sablonneux, dans toute la France et en Corse.<\/td>\n<\/tr>\n<tr>\n<td><span class=\"titre\">R\u00e9partition&nbsp;<\/span>Toute l&#8217;Europe&nbsp;; r\u00e9gions temp\u00e9r\u00e9es de tout le globe.<\/td>\n<\/tr>\n<tr>\n<td><span class=\"titre\">Floraison&nbsp;<\/span>Mai-novembre. .<\/td>\n<\/tr>\n<tr>\n<td><span class=\"titre\">Usages<\/span>&nbsp;Plante&nbsp;<span class=\"definition_term\">vuln\u00e9raire<\/span>&nbsp;et astringente&nbsp;; graines v\u00e9n\u00e9neuses pour les petites oiseaux.<\/td>\n<\/tr>\n<\/tbody>\n<\/table>\n","protected":false},"excerpt":{"rendered":"<p>2454 Anagallis arvensis L.&nbsp;Morgeline &#8211; . Plante&nbsp;annuelle&nbsp;de 10-30 cm,&nbsp;glabre, tr\u00e8s&nbsp;rameuse, \u00e0&nbsp;tiges&nbsp;diffuses&nbsp;ou&nbsp;\u00e9tal\u00e9es&#8211;ascendantes&nbsp;&#8211;&nbsp;feuilles&nbsp;oppos\u00e9es,&nbsp;sessiles,&nbsp;ovales&nbsp;ou&nbsp;lanc\u00e9ol\u00e9es,&nbsp;\u00e9tal\u00e9es,&nbsp;ponctu\u00e9es&nbsp;de noir en dessous, \u00e0 3-5&nbsp;nervures&nbsp;&#8211;&nbsp;fleurs&nbsp;solitaires sur des&nbsp;p\u00e9doncules&nbsp;oppos\u00e9s,&nbsp;filiformes, \u00e9galant ou d\u00e9passant peu les&nbsp;feuilles, \u00e0 la fin recourb\u00e9s en crochet&nbsp;&#8211;&nbsp;calice&nbsp;\u00e0&nbsp;lobes&nbsp;lanc\u00e9ol\u00e9s&#8211;acumin\u00e9s, \u00e0 bords&nbsp;membraneux&nbsp;&#8211;&nbsp;corolle&nbsp;assez petite, en roue, d\u00e9passant un peu le&nbsp;calice, \u00e0&nbsp;lobes&nbsp;finement&nbsp;cr\u00e9nel\u00e9s&nbsp;ou&nbsp;cili\u00e9s&#8211;glanduleux&nbsp;&#8211;&nbsp;capsule&nbsp;globuleuse, \u00e0 peu pr\u00e8s de la longueur du&nbsp;calice. Varie \u00e0&nbsp;fleurs&nbsp;rouges ou carn\u00e9es, plante d&#8217;un vert clair (A.&nbsp;PH\u0152NICEA&hellip;<\/p>\n","protected":false},"author":1,"featured_media":119,"parent":0,"menu_order":0,"comment_status":"closed","ping_status":"closed","template":"","meta":{"_acf_changed":false,"footnotes":""},"categories":[189,6,53],"tags":[],"class_list":["post-225","page","type-page","status-publish","has-post-thumbnail","hentry","category-lysimachia","category-plantae","category-primulaceae"],"acf":[],"_links":{"self":[{"href":"https:\/\/www.rezeau.org\/wp-flore\/wp-json\/wp\/v2\/pages\/225","targetHints":{"allow":["GET"]}}],"collection":[{"href":"https:\/\/www.rezeau.org\/wp-flore\/wp-json\/wp\/v2\/pages"}],"about":[{"href":"https:\/\/www.rezeau.org\/wp-flore\/wp-json\/wp\/v2\/types\/page"}],"author":[{"embeddable":true,"href":"https:\/\/www.rezeau.org\/wp-flore\/wp-json\/wp\/v2\/users\/1"}],"replies":[{"embeddable":true,"href":"https:\/\/www.rezeau.org\/wp-flore\/wp-json\/wp\/v2\/comments?post=225"}],"version-history":[{"count":9,"href":"https:\/\/www.rezeau.org\/wp-flore\/wp-json\/wp\/v2\/pages\/225\/revisions"}],"predecessor-version":[{"id":4012,"href":"https:\/\/www.rezeau.org\/wp-flore\/wp-json\/wp\/v2\/pages\/225\/revisions\/4012"}],"wp:featuredmedia":[{"embeddable":true,"href":"https:\/\/www.rezeau.org\/wp-flore\/wp-json\/wp\/v2\/media\/119"}],"wp:attachment":[{"href":"https:\/\/www.rezeau.org\/wp-flore\/wp-json\/wp\/v2\/media?parent=225"}],"wp:term":[{"taxonomy":"category","embeddable":true,"href":"https:\/\/www.rezeau.org\/wp-flore\/wp-json\/wp\/v2\/categories?post=225"},{"taxonomy":"post_tag","embeddable":true,"href":"https:\/\/www.rezeau.org\/wp-flore\/wp-json\/wp\/v2\/tags?post=225"}],"curies":[{"name":"wp","href":"https:\/\/api.w.org\/{rel}","templated":true}]}}