{"id":305,"date":"2016-03-10T16:21:40","date_gmt":"2016-03-10T15:21:40","guid":{"rendered":"http:\/\/www.rezeau.org\/wp-flore\/?page_id=305"},"modified":"2025-09-10T23:07:46","modified_gmt":"2025-09-10T21:07:46","slug":"borago-officinalis-l","status":"publish","type":"page","link":"https:\/\/www.rezeau.org\/wp-flore\/borago-officinalis-l\/","title":{"rendered":"Borago officinalis"},"content":{"rendered":"\n<h4 class=\"wp-block-heading\">Description de Coste<\/h4>\n\n\n\n<figure class=\"wp-block-table desc\"><table><tbody><tr><td><span class=\"gras\">2547 Borrago officinalis L.&nbsp;<\/span><span class=\"italique\">Bourrache<\/span><\/td><\/tr><tr><td>&#8211; . Plante\u00a0annuelle\u00a0de 20-60 cm, tr\u00e8s\u00a0hispide, \u00e0\u00a0tige\u00a0\u00e9paisse, dress\u00e9e,\u00a0rameuse\u00a0<br>&#8211;\u00a0feuilles\u00a0rid\u00e9es, \u00e9paisses, les inf\u00e9rieures\u00a0ovales, assez brusquement r\u00e9tr\u00e9cies en long\u00a0p\u00e9tiole, les sup\u00e9rieures\u00a0embrassantes, r\u00e9tr\u00e9cies au-dessus de la base\u00a0<br>&#8211;\u00a0fleurs\u00a0bleues, grandes,\u00a0p\u00e9doncul\u00e9es, en\u00a0grappes\u00a0\u00e0 la fin allong\u00e9es, feuill\u00e9es inf\u00e9rieurement\u00a0<br>&#8211;\u00a0p\u00e9doncules\u00a0\u00e9pais, \u00e0 la fin arqu\u00e9s-r\u00e9fl\u00e9chis,\u00a0h\u00e9riss\u00e9s\u00a0de poils\u00a0\u00e9tal\u00e9s\u00a0<br>&#8211;\u00a0calice\u00a0\u00e0\u00a0lobes\u00a0lanc\u00e9ol\u00e9s-lin\u00e9aires, aussi longs que la\u00a0corolle,\u00a0connivents\u00a0\u00e0 la maturit\u00e9\u00a0<br>&#8211;\u00a0corolle\u00a0en roue, \u00e0\u00a0tube\u00a0presque nul, \u00e0\u00a0lobes\u00a0ovales-acumin\u00e9s\u00a0<br>&#8211;\u00a0carpelles\u00a0bruns, gros, tr\u00e8s\u00a0obtus.<\/td><\/tr><tr><td><span class=\"titre\">\u00c9cologie&nbsp;<\/span>Lieux cultiv\u00e9s, jardins, d\u00e9combres, dans toute la France et la Corse.<\/td><\/tr><tr><td><span class=\"titre\">R\u00e9partition&nbsp;<\/span>Europe m\u00e9ridionale et centrale&nbsp;; Asie Mineure&nbsp;; Afrique septentrionale.<\/td><\/tr><tr><td><span class=\"titre\">Floraison&nbsp;<\/span>Avril-septembre. .<\/td><\/tr><tr><td><span class=\"titre\">Usages<\/span>&nbsp;Tr\u00e8s employ\u00e9 comme b\u00e9chique et \u00e9mollient.<\/td><\/tr><\/tbody><\/table><\/figure>\n","protected":false},"excerpt":{"rendered":"<p>Description de Coste 2547 Borrago officinalis L.&nbsp;Bourrache &#8211; . Plante\u00a0annuelle\u00a0de 20-60 cm, tr\u00e8s\u00a0hispide, \u00e0\u00a0tige\u00a0\u00e9paisse, dress\u00e9e,\u00a0rameuse\u00a0&#8211;\u00a0feuilles\u00a0rid\u00e9es, \u00e9paisses, les inf\u00e9rieures\u00a0ovales, assez brusquement r\u00e9tr\u00e9cies en long\u00a0p\u00e9tiole, les sup\u00e9rieures\u00a0embrassantes, r\u00e9tr\u00e9cies au-dessus de la base\u00a0&#8211;\u00a0fleurs\u00a0bleues, grandes,\u00a0p\u00e9doncul\u00e9es, en\u00a0grappes\u00a0\u00e0 la fin allong\u00e9es, feuill\u00e9es inf\u00e9rieurement\u00a0&#8211;\u00a0p\u00e9doncules\u00a0\u00e9pais, \u00e0 la fin arqu\u00e9s-r\u00e9fl\u00e9chis,\u00a0h\u00e9riss\u00e9s\u00a0de poils\u00a0\u00e9tal\u00e9s\u00a0&#8211;\u00a0calice\u00a0\u00e0\u00a0lobes\u00a0lanc\u00e9ol\u00e9s-lin\u00e9aires, aussi longs que la\u00a0corolle,\u00a0connivents\u00a0\u00e0 la maturit\u00e9\u00a0&#8211;\u00a0corolle\u00a0en roue, \u00e0\u00a0tube\u00a0presque nul, \u00e0\u00a0lobes\u00a0ovales-acumin\u00e9s\u00a0&#8211;\u00a0carpelles\u00a0bruns, gros, tr\u00e8s\u00a0obtus. \u00c9cologie&nbsp;Lieux&hellip;<\/p>\n","protected":false},"author":1,"featured_media":152,"parent":0,"menu_order":0,"comment_status":"closed","ping_status":"closed","template":"","meta":{"_acf_changed":false,"footnotes":""},"categories":[16,120,6],"tags":[],"class_list":["post-305","page","type-page","status-publish","has-post-thumbnail","hentry","category-boraginaceae","category-borago","category-plantae"],"acf":[],"_links":{"self":[{"href":"https:\/\/www.rezeau.org\/wp-flore\/wp-json\/wp\/v2\/pages\/305","targetHints":{"allow":["GET"]}}],"collection":[{"href":"https:\/\/www.rezeau.org\/wp-flore\/wp-json\/wp\/v2\/pages"}],"about":[{"href":"https:\/\/www.rezeau.org\/wp-flore\/wp-json\/wp\/v2\/types\/page"}],"author":[{"embeddable":true,"href":"https:\/\/www.rezeau.org\/wp-flore\/wp-json\/wp\/v2\/users\/1"}],"replies":[{"embeddable":true,"href":"https:\/\/www.rezeau.org\/wp-flore\/wp-json\/wp\/v2\/comments?post=305"}],"version-history":[{"count":8,"href":"https:\/\/www.rezeau.org\/wp-flore\/wp-json\/wp\/v2\/pages\/305\/revisions"}],"predecessor-version":[{"id":4789,"href":"https:\/\/www.rezeau.org\/wp-flore\/wp-json\/wp\/v2\/pages\/305\/revisions\/4789"}],"wp:featuredmedia":[{"embeddable":true,"href":"https:\/\/www.rezeau.org\/wp-flore\/wp-json\/wp\/v2\/media\/152"}],"wp:attachment":[{"href":"https:\/\/www.rezeau.org\/wp-flore\/wp-json\/wp\/v2\/media?parent=305"}],"wp:term":[{"taxonomy":"category","embeddable":true,"href":"https:\/\/www.rezeau.org\/wp-flore\/wp-json\/wp\/v2\/categories?post=305"},{"taxonomy":"post_tag","embeddable":true,"href":"https:\/\/www.rezeau.org\/wp-flore\/wp-json\/wp\/v2\/tags?post=305"}],"curies":[{"name":"wp","href":"https:\/\/api.w.org\/{rel}","templated":true}]}}