{"id":47,"date":"2016-03-07T22:53:02","date_gmt":"2016-03-07T21:53:02","guid":{"rendered":"http:\/\/www.rezeau.org\/wp-flore\/?page_id=47"},"modified":"2023-01-25T16:57:15","modified_gmt":"2023-01-25T15:57:15","slug":"introduction","status":"publish","type":"page","link":"https:\/\/www.rezeau.org\/wp-flore\/introduction\/","title":{"rendered":"Introduction"},"content":{"rendered":"\n<p>Mon int\u00e9r\u00eat pour la botanique date de la classe de Seconde (1960-61) o\u00f9 j&#8217;ai r\u00e9alis\u00e9 mon premier herbier (en Vend\u00e9e) sous la conduite de mon professeur de Sciences Naturelles. J&#8217;ai repris cette activit\u00e9 bien des ann\u00e9es plus tard, avec l&#8217;aide de ma petite-fille Mina, aiguillonn\u00e9 par la lecture de l&#8217;ouvrage de Louis Diard, <em>La flore d&#8217;Ille-et-Vilaine<\/em>.<\/p>\n\n\n\n<p>J&#8217;herborise dans le pays de Montfort-sur-Meu, dans un rayon d&#8217;environ 10 kilom\u00e8tres autour de cette commune, rayon d&#8217;action de mes promenades \u00e0 pied, \u00e0 v\u00e9lo (jadis) ou en voiture. Les sp\u00e9cimens r\u00e9colt\u00e9s sont (parfois) photographi\u00e9s in situ, puis syst\u00e9matiquement scann\u00e9s et enfin s\u00e9ch\u00e9s, coll\u00e9s et \u00e9tiquet\u00e9s. Je r\u00e9alise ainsi en parall\u00e8le un herbier traditionnel et un herbier de photos en ligne.<\/p>\n\n\n\n<p>Mon ambition est d&#8217;identifier un maximum des quelques 350 \u00e0 400 esp\u00e8ces r\u00e9pertori\u00e9es par Louis Diard dans le secteur o\u00f9 j&#8217;herborise. Je ne m&#8217;int\u00e9resse qu&#8217;aux plantes \u00e0 fleurs proprement dites (angiospermes), et j&#8217;ai laiss\u00e9 de c\u00f4t\u00e9 les joncs, mousses, lichens, champignons, gramin\u00e9es et plantes aquatiques. <\/p>\n\n\n\n<p>Joseph R\u00e9zeau<\/p>\n\n\n\n<p>Pr\u00e9sentation de l&#8217;herbier en ligne (flore du pays de Montfort-sur-Meu)<\/p>\n\n\n\n<p>L&#8217;herbier est organis\u00e9 de mani\u00e8re traditionnelle en suivant l&#8217;arborescence des familles, genres, esp\u00e8ces. Pour les caract\u00e9ristiques des familles et genres je renvoie le visiteur aux flores papier ou en ligne. J&#8217;ai trouv\u00e9 utile de faire figurer une notice descriptive des esp\u00e8ces, en utilisant une flore au style certes dat\u00e9 mais extr\u00eamement pr\u00e9cis, la flore de l&#8217;abb\u00e9 Hippolyte Coste. Cette flore est facilement accessible en ligne (via Tela-Botanica), elle est tomb\u00e9e dans le domaine public, ce qui signifie qu&#8217;on peut librement en reproduire des extraits.<\/p>\n\n\n\n<p>Flores utilis\u00e9es<\/p>\n\n\n\n<p>Blamey, Marjorie &amp; Grey-Wilson, Christopher. <em>La flore d&#8217;Europe occidentale<\/em>. 2003. Paris, Flammarion. Adaptation fran\u00e7aise de <em>The illustrated Flora of Britain and Northern Europe<\/em>, 1989, Domino Books. Ouvrage relativement co\u00fbteux, magnifiquement illustr\u00e9. Nomenclature un peu d\u00e9pass\u00e9e mais tr\u00e8s utile pour les d\u00e9terminations.<\/p>\n\n\n\n<p>Bonnier, Gaston <em>Flore compl\u00e8te portative de la FRANCE de la Suisse et de la Belgique<\/em>. Paris, Librairie g\u00e9n\u00e9rale de l&#8217;enseignement. 1948.<\/p>\n\n\n\n<p>Diard, Louis. La flore d&#8217;Ille-et-Vilaine (coll. Atlas floristique de Bretagne). Nantes, \u00c9ditions Silo\u00eb. 2005. N&#8217;est plus disponible.<\/p>\n\n\n\n<p>Utilisation des images de ce site<\/p>\n\n\n\n<p>Ces photos sont disponibles selon les termes de la Licence Creative Commons Attribution &#8211; Partage dans les M\u00eames Conditions 4.0 International.<\/p>\n\n\n\n<p>Pour l&#8217;attribution : auteur des photos &#8220;Joseph R\u00e9zeau&#8221;.<\/p>\n","protected":false},"excerpt":{"rendered":"<p>Mon int\u00e9r\u00eat pour la botanique date de la classe de Seconde (1960-61) o\u00f9 j&#8217;ai r\u00e9alis\u00e9 mon premier herbier (en Vend\u00e9e) sous la conduite de mon professeur de Sciences Naturelles. J&#8217;ai repris cette activit\u00e9 bien des ann\u00e9es plus tard, avec l&#8217;aide de ma petite-fille Mina, aiguillonn\u00e9 par la lecture de l&#8217;ouvrage de Louis Diard, La flore&hellip;<\/p>\n","protected":false},"author":1,"featured_media":0,"parent":0,"menu_order":0,"comment_status":"closed","ping_status":"closed","template":"template-full-width.php","meta":{"_acf_changed":false,"footnotes":""},"categories":[5],"tags":[],"class_list":["post-47","page","type-page","status-publish","hentry","category-info"],"acf":[],"_links":{"self":[{"href":"https:\/\/www.rezeau.org\/wp-flore\/wp-json\/wp\/v2\/pages\/47","targetHints":{"allow":["GET"]}}],"collection":[{"href":"https:\/\/www.rezeau.org\/wp-flore\/wp-json\/wp\/v2\/pages"}],"about":[{"href":"https:\/\/www.rezeau.org\/wp-flore\/wp-json\/wp\/v2\/types\/page"}],"author":[{"embeddable":true,"href":"https:\/\/www.rezeau.org\/wp-flore\/wp-json\/wp\/v2\/users\/1"}],"replies":[{"embeddable":true,"href":"https:\/\/www.rezeau.org\/wp-flore\/wp-json\/wp\/v2\/comments?post=47"}],"version-history":[{"count":9,"href":"https:\/\/www.rezeau.org\/wp-flore\/wp-json\/wp\/v2\/pages\/47\/revisions"}],"predecessor-version":[{"id":4642,"href":"https:\/\/www.rezeau.org\/wp-flore\/wp-json\/wp\/v2\/pages\/47\/revisions\/4642"}],"wp:attachment":[{"href":"https:\/\/www.rezeau.org\/wp-flore\/wp-json\/wp\/v2\/media?parent=47"}],"wp:term":[{"taxonomy":"category","embeddable":true,"href":"https:\/\/www.rezeau.org\/wp-flore\/wp-json\/wp\/v2\/categories?post=47"},{"taxonomy":"post_tag","embeddable":true,"href":"https:\/\/www.rezeau.org\/wp-flore\/wp-json\/wp\/v2\/tags?post=47"}],"curies":[{"name":"wp","href":"https:\/\/api.w.org\/{rel}","templated":true}]}}