{"id":788,"date":"2016-03-15T11:34:41","date_gmt":"2016-03-15T10:34:41","guid":{"rendered":"http:\/\/www.rezeau.org\/wp-flore\/?page_id=788"},"modified":"2021-05-17T23:02:20","modified_gmt":"2021-05-17T21:02:20","slug":"euphorbia-helioscopia-loefl-ex-l","status":"publish","type":"page","link":"https:\/\/www.rezeau.org\/wp-flore\/euphorbia-helioscopia-loefl-ex-l\/","title":{"rendered":"Euphorbia helioscopia"},"content":{"rendered":"\n<table class=\"desc\">\n<tbody>\n<tr>\n<td><span class=\"gras\">3201 Euphorbia helioscopia L.&nbsp;<\/span><span class=\"italique\">R\u00e9veil-matin<\/span><\/td>\n<\/tr>\n<tr>\n<td>&#8211; . Plante&nbsp;annuelle&nbsp;de 10-50 cm,&nbsp;glabrescente, \u00e0&nbsp;racine&nbsp;pivotante&nbsp;<br>&#8211;&nbsp;tige&nbsp;\u00e9paisse, dress\u00e9e ou&nbsp;ascendante, ordinairement solitaire&nbsp;<br>&#8211;&nbsp;feuilles&nbsp;\u00e9parses,&nbsp;obovales&nbsp;en coin,&nbsp;obtuses,&nbsp;denticul\u00e9es&nbsp;dans leur moiti\u00e9 sup\u00e9rieure, les ombellaires plus grandes&nbsp;<br>&#8211;&nbsp;ombelle&nbsp;large,&nbsp;concave, \u00e0 5 rayons allong\u00e9s,&nbsp;trichotomes&nbsp;puis&nbsp;dichotomes&nbsp;<br>&#8211;&nbsp;bract\u00e9es&nbsp;obovales, in\u00e9gales&nbsp;<br>&#8211;&nbsp;glandes&nbsp;enti\u00e8res&nbsp;<br>&#8211;&nbsp;capsule&nbsp;de 3-5 mm,&nbsp;glabre&nbsp;et&nbsp;lisse, \u00e0&nbsp;coques&nbsp;arrondies&nbsp;<br>&#8211;&nbsp;styles&nbsp;\u00e0 peine&nbsp;bifides&nbsp;<br>&#8211; graines de 2 mm,&nbsp;ovo\u00efdes, brunes,&nbsp;r\u00e9ticul\u00e9es-alv\u00e9ol\u00e9es, caroncul\u00e9es.<\/td>\n<\/tr>\n<tr>\n<td><span class=\"titre\">\u00c9cologie&nbsp;<\/span>Cultures et d\u00e9combres, dans toute la France et la Corse.<\/td>\n<\/tr>\n<tr>\n<td><span class=\"titre\">R\u00e9partition&nbsp;<\/span>Europe&nbsp;; Asie&nbsp;; Afrique&nbsp;; introduit en Am\u00e9rique.<\/td>\n<\/tr>\n<tr>\n<td><span class=\"titre\">Floraison&nbsp;<\/span>Avril-novembre. .<\/td>\n<\/tr>\n<\/tbody>\n<\/table>\n","protected":false},"excerpt":{"rendered":"<p>3201 Euphorbia helioscopia L.&nbsp;R\u00e9veil-matin &#8211; . Plante&nbsp;annuelle&nbsp;de 10-50 cm,&nbsp;glabrescente, \u00e0&nbsp;racine&nbsp;pivotante&nbsp;&#8211;&nbsp;tige&nbsp;\u00e9paisse, dress\u00e9e ou&nbsp;ascendante, ordinairement solitaire&nbsp;&#8211;&nbsp;feuilles&nbsp;\u00e9parses,&nbsp;obovales&nbsp;en coin,&nbsp;obtuses,&nbsp;denticul\u00e9es&nbsp;dans leur moiti\u00e9 sup\u00e9rieure, les ombellaires plus grandes&nbsp;&#8211;&nbsp;ombelle&nbsp;large,&nbsp;concave, \u00e0 5 rayons allong\u00e9s,&nbsp;trichotomes&nbsp;puis&nbsp;dichotomes&nbsp;&#8211;&nbsp;bract\u00e9es&nbsp;obovales, in\u00e9gales&nbsp;&#8211;&nbsp;glandes&nbsp;enti\u00e8res&nbsp;&#8211;&nbsp;capsule&nbsp;de 3-5 mm,&nbsp;glabre&nbsp;et&nbsp;lisse, \u00e0&nbsp;coques&nbsp;arrondies&nbsp;&#8211;&nbsp;styles&nbsp;\u00e0 peine&nbsp;bifides&nbsp;&#8211; graines de 2 mm,&nbsp;ovo\u00efdes, brunes,&nbsp;r\u00e9ticul\u00e9es-alv\u00e9ol\u00e9es, caroncul\u00e9es. \u00c9cologie&nbsp;Cultures et d\u00e9combres, dans toute la France et la Corse. R\u00e9partition&nbsp;Europe&nbsp;; Asie&nbsp;; Afrique&nbsp;; introduit en Am\u00e9rique. Floraison&nbsp;Avril-novembre. .<\/p>\n","protected":false},"author":1,"featured_media":737,"parent":0,"menu_order":0,"comment_status":"closed","ping_status":"closed","template":"","meta":{"_acf_changed":false,"footnotes":""},"categories":[158,32,6],"tags":[],"class_list":["post-788","page","type-page","status-publish","has-post-thumbnail","hentry","category-euphorbia","category-euphorbiaceae","category-plantae"],"acf":[],"_links":{"self":[{"href":"https:\/\/www.rezeau.org\/wp-flore\/wp-json\/wp\/v2\/pages\/788","targetHints":{"allow":["GET"]}}],"collection":[{"href":"https:\/\/www.rezeau.org\/wp-flore\/wp-json\/wp\/v2\/pages"}],"about":[{"href":"https:\/\/www.rezeau.org\/wp-flore\/wp-json\/wp\/v2\/types\/page"}],"author":[{"embeddable":true,"href":"https:\/\/www.rezeau.org\/wp-flore\/wp-json\/wp\/v2\/users\/1"}],"replies":[{"embeddable":true,"href":"https:\/\/www.rezeau.org\/wp-flore\/wp-json\/wp\/v2\/comments?post=788"}],"version-history":[{"count":3,"href":"https:\/\/www.rezeau.org\/wp-flore\/wp-json\/wp\/v2\/pages\/788\/revisions"}],"predecessor-version":[{"id":4302,"href":"https:\/\/www.rezeau.org\/wp-flore\/wp-json\/wp\/v2\/pages\/788\/revisions\/4302"}],"wp:featuredmedia":[{"embeddable":true,"href":"https:\/\/www.rezeau.org\/wp-flore\/wp-json\/wp\/v2\/media\/737"}],"wp:attachment":[{"href":"https:\/\/www.rezeau.org\/wp-flore\/wp-json\/wp\/v2\/media?parent=788"}],"wp:term":[{"taxonomy":"category","embeddable":true,"href":"https:\/\/www.rezeau.org\/wp-flore\/wp-json\/wp\/v2\/categories?post=788"},{"taxonomy":"post_tag","embeddable":true,"href":"https:\/\/www.rezeau.org\/wp-flore\/wp-json\/wp\/v2\/tags?post=788"}],"curies":[{"name":"wp","href":"https:\/\/api.w.org\/{rel}","templated":true}]}}