{"id":814,"date":"2016-03-15T17:38:15","date_gmt":"2016-03-15T16:38:15","guid":{"rendered":"http:\/\/www.rezeau.org\/wp-flore\/?page_id=814"},"modified":"2021-05-17T23:13:23","modified_gmt":"2021-05-17T21:13:23","slug":"foeniculum-vulgare-mill","status":"publish","type":"page","link":"https:\/\/www.rezeau.org\/wp-flore\/foeniculum-vulgare-mill\/","title":{"rendered":"Foeniculum vulgare"},"content":{"rendered":"\n<p><strong>Foeniculum officinale <\/strong>All. (F. vulgare Gaertn.)<\/p>\n\n\n\n<p>. \u2013 Plante vivace de 1 \u00e0 2 m\u00e8tres, glabre, un peu glauque, tr\u00e8s aromatique, \u00e0 souche \u00e9paisse ; tiges robustes, stri\u00e9es, rameuses ; feuilles 3-4 fois pennatis\u00e9qu\u00e9es, \u00e0 lani\u00e8res nombreuses, filiformes, tr\u00e8s allong\u00e9es, les sup\u00e9rieures \u00e0 gaine plus longue que le limbe ; ombelles grandes, longuement p\u00e9doncul\u00e9es, \u00e0 10-30 rayons tr\u00e8s longs, presque \u00e9gaux, glabres ; fruit long de 4 mm environ, glaucescent, \u00e0 odeur d&#8217;anis.<\/p>\n","protected":false},"excerpt":{"rendered":"<p>Foeniculum officinale All. (F. vulgare Gaertn.) . \u2013 Plante vivace de 1 \u00e0 2 m\u00e8tres, glabre, un peu glauque, tr\u00e8s aromatique, \u00e0 souche \u00e9paisse ; tiges robustes, stri\u00e9es, rameuses ; feuilles 3-4 fois pennatis\u00e9qu\u00e9es, \u00e0 lani\u00e8res nombreuses, filiformes, tr\u00e8s allong\u00e9es, les sup\u00e9rieures \u00e0 gaine plus longue que le limbe ; ombelles grandes, longuement p\u00e9doncul\u00e9es, \u00e0&hellip;<\/p>\n","protected":false},"author":1,"featured_media":755,"parent":0,"menu_order":0,"comment_status":"closed","ping_status":"closed","template":"","meta":{"_acf_changed":false,"footnotes":""},"categories":[10,71,6],"tags":[],"class_list":["post-814","page","type-page","status-publish","has-post-thumbnail","hentry","category-apiaceae","category-foeniculum","category-plantae"],"acf":[],"_links":{"self":[{"href":"https:\/\/www.rezeau.org\/wp-flore\/wp-json\/wp\/v2\/pages\/814","targetHints":{"allow":["GET"]}}],"collection":[{"href":"https:\/\/www.rezeau.org\/wp-flore\/wp-json\/wp\/v2\/pages"}],"about":[{"href":"https:\/\/www.rezeau.org\/wp-flore\/wp-json\/wp\/v2\/types\/page"}],"author":[{"embeddable":true,"href":"https:\/\/www.rezeau.org\/wp-flore\/wp-json\/wp\/v2\/users\/1"}],"replies":[{"embeddable":true,"href":"https:\/\/www.rezeau.org\/wp-flore\/wp-json\/wp\/v2\/comments?post=814"}],"version-history":[{"count":5,"href":"https:\/\/www.rezeau.org\/wp-flore\/wp-json\/wp\/v2\/pages\/814\/revisions"}],"predecessor-version":[{"id":4312,"href":"https:\/\/www.rezeau.org\/wp-flore\/wp-json\/wp\/v2\/pages\/814\/revisions\/4312"}],"wp:featuredmedia":[{"embeddable":true,"href":"https:\/\/www.rezeau.org\/wp-flore\/wp-json\/wp\/v2\/media\/755"}],"wp:attachment":[{"href":"https:\/\/www.rezeau.org\/wp-flore\/wp-json\/wp\/v2\/media?parent=814"}],"wp:term":[{"taxonomy":"category","embeddable":true,"href":"https:\/\/www.rezeau.org\/wp-flore\/wp-json\/wp\/v2\/categories?post=814"},{"taxonomy":"post_tag","embeddable":true,"href":"https:\/\/www.rezeau.org\/wp-flore\/wp-json\/wp\/v2\/tags?post=814"}],"curies":[{"name":"wp","href":"https:\/\/api.w.org\/{rel}","templated":true}]}}