{"id":890,"date":"2016-03-16T14:24:43","date_gmt":"2016-03-16T13:24:43","guid":{"rendered":"http:\/\/www.rezeau.org\/wp-flore\/?page_id=890"},"modified":"2021-06-21T15:08:28","modified_gmt":"2021-06-21T13:08:28","slug":"geranium-molle-l","status":"publish","type":"page","link":"https:\/\/www.rezeau.org\/wp-flore\/geranium-molle-l\/","title":{"rendered":"Geranium molle"},"content":{"rendered":"\n<table class=\"desc\" style=\"width: 100%; height: 120px;\">\n<tbody>\n<tr style=\"height: 24px;\">\n<td style=\"height: 24px;\"><span class=\"gras\">640 Geranium molle L.<\/span><\/td>\n<\/tr>\n<tr style=\"height: 24px;\">\n<td style=\"height: 24px;\">&#8211; Plante&nbsp;annuelle, couverte de longs poils mous&nbsp;\u00e9tal\u00e9s&nbsp;<br>&#8211;&nbsp;tiges&nbsp;de 10-40 cm, couch\u00e9es ou&nbsp;ascendantes&nbsp;<br>&#8211;&nbsp;feuilles&nbsp;orbiculaires, palmatifides, \u00e0 5-7&nbsp;lobes&nbsp;en coin, 2 fois aussi longs que larges,&nbsp;incis\u00e9s, les sup\u00e9rieures plus petites et&nbsp;subsessiles&nbsp;<br>&#8211;&nbsp;stipules&nbsp;ovales-lanc\u00e9ol\u00e9es&nbsp;<br>&#8211;&nbsp;fleurs&nbsp;purpurines ou roses, petites&nbsp;<br>&#8211;&nbsp;p\u00e9doncules&nbsp;biflores, plus longs que la&nbsp;feuille&nbsp;<br>&#8211;&nbsp;p\u00e9dicelles&nbsp;2-4 fois plus longs que le&nbsp;calice&nbsp;<br>&#8211;&nbsp;s\u00e9pales&nbsp;\u00e9tal\u00e9s, bri\u00e8vement&nbsp;mucron\u00e9s, \u00e0 longs poils&nbsp;\u00e9tal\u00e9s&nbsp;<br>&#8211;&nbsp;p\u00e9tales&nbsp;bifides, d\u00e9passant plus ou moins le&nbsp;calice, \u00e0&nbsp;onglet&nbsp;court et cili\u00e9<br>&#8211;&nbsp;\u00e9tamines&nbsp;\u00e0&nbsp;filets&nbsp;enti\u00e8rement&nbsp;glabres&nbsp;<br>&#8211;&nbsp;carpelles&nbsp;glabres, rid\u00e9s en travers.<\/td>\n<\/tr>\n<tr style=\"height: 24px;\">\n<td style=\"height: 24px;\"><span class=\"titre\">\u00c9cologie&nbsp;<\/span>Bords des chemins, d\u00e9combres, champs, dans toute la France et en Corse.<\/td>\n<\/tr>\n<tr style=\"height: 24px;\">\n<td style=\"height: 24px;\"><span class=\"titre\">R\u00e9partition&nbsp;<\/span>Europe&nbsp;; Asie occidentale&nbsp;; Afrique septentrionale.<\/td>\n<\/tr>\n<tr style=\"height: 24px;\">\n<td style=\"height: 24px;\"><span class=\"titre\">Floraison&nbsp;<\/span>Avril-septembre.<\/td>\n<\/tr>\n<\/tbody>\n<\/table>\n","protected":false},"excerpt":{"rendered":"<p>640 Geranium molle L. &#8211; Plante&nbsp;annuelle, couverte de longs poils mous&nbsp;\u00e9tal\u00e9s&nbsp;&#8211;&nbsp;tiges&nbsp;de 10-40 cm, couch\u00e9es ou&nbsp;ascendantes&nbsp;&#8211;&nbsp;feuilles&nbsp;orbiculaires, palmatifides, \u00e0 5-7&nbsp;lobes&nbsp;en coin, 2 fois aussi longs que larges,&nbsp;incis\u00e9s, les sup\u00e9rieures plus petites et&nbsp;subsessiles&nbsp;&#8211;&nbsp;stipules&nbsp;ovales-lanc\u00e9ol\u00e9es&nbsp;&#8211;&nbsp;fleurs&nbsp;purpurines ou roses, petites&nbsp;&#8211;&nbsp;p\u00e9doncules&nbsp;biflores, plus longs que la&nbsp;feuille&nbsp;&#8211;&nbsp;p\u00e9dicelles&nbsp;2-4 fois plus longs que le&nbsp;calice&nbsp;&#8211;&nbsp;s\u00e9pales&nbsp;\u00e9tal\u00e9s, bri\u00e8vement&nbsp;mucron\u00e9s, \u00e0 longs poils&nbsp;\u00e9tal\u00e9s&nbsp;&#8211;&nbsp;p\u00e9tales&nbsp;bifides, d\u00e9passant plus ou moins le&nbsp;calice, \u00e0&nbsp;onglet&nbsp;court et cili\u00e9&#8211;&nbsp;\u00e9tamines&nbsp;\u00e0&nbsp;filets&nbsp;enti\u00e8rement&nbsp;glabres&nbsp;&#8211;&nbsp;carpelles&nbsp;glabres, rid\u00e9s&hellip;<\/p>\n","protected":false},"author":1,"featured_media":837,"parent":0,"menu_order":0,"comment_status":"closed","ping_status":"closed","template":"","meta":{"_acf_changed":false,"footnotes":""},"categories":[36,167,6],"tags":[],"class_list":["post-890","page","type-page","status-publish","has-post-thumbnail","hentry","category-geraniaceae","category-geranium","category-plantae"],"acf":[],"_links":{"self":[{"href":"https:\/\/www.rezeau.org\/wp-flore\/wp-json\/wp\/v2\/pages\/890","targetHints":{"allow":["GET"]}}],"collection":[{"href":"https:\/\/www.rezeau.org\/wp-flore\/wp-json\/wp\/v2\/pages"}],"about":[{"href":"https:\/\/www.rezeau.org\/wp-flore\/wp-json\/wp\/v2\/types\/page"}],"author":[{"embeddable":true,"href":"https:\/\/www.rezeau.org\/wp-flore\/wp-json\/wp\/v2\/users\/1"}],"replies":[{"embeddable":true,"href":"https:\/\/www.rezeau.org\/wp-flore\/wp-json\/wp\/v2\/comments?post=890"}],"version-history":[{"count":4,"href":"https:\/\/www.rezeau.org\/wp-flore\/wp-json\/wp\/v2\/pages\/890\/revisions"}],"predecessor-version":[{"id":4347,"href":"https:\/\/www.rezeau.org\/wp-flore\/wp-json\/wp\/v2\/pages\/890\/revisions\/4347"}],"wp:featuredmedia":[{"embeddable":true,"href":"https:\/\/www.rezeau.org\/wp-flore\/wp-json\/wp\/v2\/media\/837"}],"wp:attachment":[{"href":"https:\/\/www.rezeau.org\/wp-flore\/wp-json\/wp\/v2\/media?parent=890"}],"wp:term":[{"taxonomy":"category","embeddable":true,"href":"https:\/\/www.rezeau.org\/wp-flore\/wp-json\/wp\/v2\/categories?post=890"},{"taxonomy":"post_tag","embeddable":true,"href":"https:\/\/www.rezeau.org\/wp-flore\/wp-json\/wp\/v2\/tags?post=890"}],"curies":[{"name":"wp","href":"https:\/\/api.w.org\/{rel}","templated":true}]}}