
{"id":13161,"date":"2019-11-20T18:57:05","date_gmt":"2019-11-20T17:57:05","guid":{"rendered":"http:\/\/www.rezeau.org\/wp-garden\/?page_id=13161"},"modified":"2021-01-02T18:54:12","modified_gmt":"2021-01-02T17:54:12","slug":"fabrication-de-guirlandes-de-cacahuetes","status":"publish","type":"page","link":"https:\/\/www.rezeau.org\/wp-garden\/fr\/fabrication-de-guirlandes-de-cacahuetes\/","title":{"rendered":"Fabrication de guirlandes de cacahu\u00e8tes"},"content":{"rendered":"\n<p>Hello les jardiniers qui aiment les zozios. Aujourd&#8217;hui ma petite recette pour fabriquer des guirlandes de cacahu\u00e8tes pour attirer les m\u00e9sanges. R\u00e9sultat garanti.<\/p>\n\n\n<div class=\"soliloquy-outer-container\" data-soliloquy-loaded=\"0\"><div aria-live=\"polite\" id=\"soliloquy-container-13144\" class=\"soliloquy-container soliloquy-transition-fade soliloquy-fade soliloquy-arrows-active soliloquy-pauseplay-active  soliloquy-theme-base\" style=\"max-width:800px;max-height:600px;margin:0 auto 20px;\"><ul id=\"soliloquy-13144\" class=\"soliloquy-slider soliloquy-slides soliloquy-wrap soliloquy-clear\"><li aria-hidden=\"true\" class=\"soliloquy-item soliloquy-item-1 soliloquy-id-13145 soliloquy-image-slide\" draggable=\"false\" style=\"list-style:none;\"><img decoding=\"async\" id=\"soliloquy-image-13145\" class=\"soliloquy-image soliloquy-image-1\" src=\"https:\/\/www.rezeau.org\/wp-garden\/wp-content\/uploads\/I-IMGP2931-1-800x600_c.jpg\" alt=\"I-IMGP2931\" \/><div class=\"soliloquy-caption soliloquy-caption-bottom soliloquy-caption-mobile\"><div class=\"soliloquy-caption-inside\">Le matos qu'il vous faut : des cacahu\u00e8tes, du fil solide, une aiguille, un couteau pointu <strong>solide<\/strong> <em>(genre couteau \u00e0 hu\u00eetres)<\/em> et une petite planche \u00e0 d\u00e9couper.<\/div><\/div><\/li><li aria-hidden=\"true\" class=\"soliloquy-item soliloquy-item-2 soliloquy-id-13146 soliloquy-image-slide\" draggable=\"false\" style=\"list-style:none;\"><img decoding=\"async\" id=\"soliloquy-image-13146\" class=\"soliloquy-image soliloquy-image-2 soliloquy-preload\" src=\"https:\/\/www.rezeau.org\/wp-garden\/wp-content\/plugins\/soliloquy\/assets\/css\/images\/holder.gif\" data-soliloquy-src=\"https:\/\/www.rezeau.org\/wp-garden\/wp-content\/uploads\/I-IMGP2933-1-800x600_c.jpg\" alt=\"I-IMGP2933\" \/><div class=\"soliloquy-caption soliloquy-caption-bottom soliloquy-caption-mobile\"><div class=\"soliloquy-caption-inside\">Avec le couteau pointu, faire 2 petits trous dans les cacahu\u00e8tes pour faciliter la t\u00e2che aux m\u00e9sanges.<\/div><\/div><\/li><li aria-hidden=\"true\" class=\"soliloquy-item soliloquy-item-3 soliloquy-id-13147 soliloquy-image-slide\" draggable=\"false\" style=\"list-style:none;\"><img decoding=\"async\" id=\"soliloquy-image-13147\" class=\"soliloquy-image soliloquy-image-3 soliloquy-preload\" src=\"https:\/\/www.rezeau.org\/wp-garden\/wp-content\/plugins\/soliloquy\/assets\/css\/images\/holder.gif\" data-soliloquy-src=\"https:\/\/www.rezeau.org\/wp-garden\/wp-content\/uploads\/I-IMGP2935-1-800x600_c.jpg\" alt=\"I-IMGP2935\" \/><div class=\"soliloquy-caption soliloquy-caption-bottom soliloquy-caption-mobile\"><div class=\"soliloquy-caption-inside\">Faire \u00e9galement un petit trou au milieu de la cacahu\u00e8te pour faciliter le passage de l'aiguille et du fil.<\/div><\/div><\/li><li aria-hidden=\"true\" class=\"soliloquy-item soliloquy-item-4 soliloquy-id-13148 soliloquy-image-slide\" draggable=\"false\" style=\"list-style:none;\"><img decoding=\"async\" id=\"soliloquy-image-13148\" class=\"soliloquy-image soliloquy-image-4 soliloquy-preload\" src=\"https:\/\/www.rezeau.org\/wp-garden\/wp-content\/plugins\/soliloquy\/assets\/css\/images\/holder.gif\" data-soliloquy-src=\"https:\/\/www.rezeau.org\/wp-garden\/wp-content\/uploads\/I-IMGP2936-1-800x600_c.jpg\" alt=\"I-IMGP2936\" \/><div class=\"soliloquy-caption soliloquy-caption-bottom soliloquy-caption-mobile\"><div class=\"soliloquy-caption-inside\"><br \/>Enfiler chaque cacahu\u00e8te dans le trou pr\u00e9-perc\u00e9 au milieu.<\/div><\/div><\/li><li aria-hidden=\"true\" class=\"soliloquy-item soliloquy-item-5 soliloquy-id-13149 soliloquy-image-slide\" draggable=\"false\" style=\"list-style:none;\"><img decoding=\"async\" id=\"soliloquy-image-13149\" class=\"soliloquy-image soliloquy-image-5 soliloquy-preload\" src=\"https:\/\/www.rezeau.org\/wp-garden\/wp-content\/plugins\/soliloquy\/assets\/css\/images\/holder.gif\" data-soliloquy-src=\"https:\/\/www.rezeau.org\/wp-garden\/wp-content\/uploads\/I-IMGP2937-1-800x600_c.jpg\" alt=\"I-IMGP2937\" \/><div class=\"soliloquy-caption soliloquy-caption-bottom soliloquy-caption-mobile\"><div class=\"soliloquy-caption-inside\"><br \/>et hop !<\/div><\/div><\/li><li aria-hidden=\"true\" class=\"soliloquy-item soliloquy-item-6 soliloquy-id-13150 soliloquy-image-slide\" draggable=\"false\" style=\"list-style:none;\"><img decoding=\"async\" id=\"soliloquy-image-13150\" class=\"soliloquy-image soliloquy-image-6 soliloquy-preload\" src=\"https:\/\/www.rezeau.org\/wp-garden\/wp-content\/plugins\/soliloquy\/assets\/css\/images\/holder.gif\" data-soliloquy-src=\"https:\/\/www.rezeau.org\/wp-garden\/wp-content\/uploads\/I-IMGP2938-1-800x600_c.jpg\" alt=\"I-IMGP2938\" \/><div class=\"soliloquy-caption soliloquy-caption-bottom soliloquy-caption-mobile\"><div class=\"soliloquy-caption-inside\"><br \/>encore hop !<\/div><\/div><\/li><li aria-hidden=\"true\" class=\"soliloquy-item soliloquy-item-7 soliloquy-id-13151 soliloquy-image-slide\" draggable=\"false\" style=\"list-style:none;\"><img decoding=\"async\" id=\"soliloquy-image-13151\" class=\"soliloquy-image soliloquy-image-7 soliloquy-preload\" src=\"https:\/\/www.rezeau.org\/wp-garden\/wp-content\/plugins\/soliloquy\/assets\/css\/images\/holder.gif\" data-soliloquy-src=\"https:\/\/www.rezeau.org\/wp-garden\/wp-content\/uploads\/I-IMGP2939-1-800x600_c.jpg\" alt=\"I-IMGP2939\" \/><div class=\"soliloquy-caption soliloquy-caption-bottom soliloquy-caption-mobile\"><div class=\"soliloquy-caption-inside\"><br \/>D\u00e9j\u00e0 2 cacahu\u00e8tes enfil\u00e9es. Se reposer et aller boire un petit verre <em>avec mod\u00e9ration<\/em>.<\/div><\/div><\/li><li aria-hidden=\"true\" class=\"soliloquy-item soliloquy-item-8 soliloquy-id-13152 soliloquy-image-slide\" draggable=\"false\" style=\"list-style:none;\"><img decoding=\"async\" id=\"soliloquy-image-13152\" class=\"soliloquy-image soliloquy-image-8 soliloquy-preload\" src=\"https:\/\/www.rezeau.org\/wp-garden\/wp-content\/plugins\/soliloquy\/assets\/css\/images\/holder.gif\" data-soliloquy-src=\"https:\/\/www.rezeau.org\/wp-garden\/wp-content\/uploads\/I-IMGP2943-1-800x600_c.jpg\" alt=\"I-IMGP2943\" \/><div class=\"soliloquy-caption soliloquy-caption-bottom soliloquy-caption-mobile\"><div class=\"soliloquy-caption-inside\"><br \/>etc.<\/div><\/div><\/li><li aria-hidden=\"true\" class=\"soliloquy-item soliloquy-item-9 soliloquy-id-13153 soliloquy-image-slide\" draggable=\"false\" style=\"list-style:none;\"><img decoding=\"async\" id=\"soliloquy-image-13153\" class=\"soliloquy-image soliloquy-image-9 soliloquy-preload\" src=\"https:\/\/www.rezeau.org\/wp-garden\/wp-content\/plugins\/soliloquy\/assets\/css\/images\/holder.gif\" data-soliloquy-src=\"https:\/\/www.rezeau.org\/wp-garden\/wp-content\/uploads\/I-IMGP2944-1-800x600_c.jpg\" alt=\"I-IMGP2944\" \/><div class=\"soliloquy-caption soliloquy-caption-bottom soliloquy-caption-mobile\"><div class=\"soliloquy-caption-inside\"><br \/>etc.<\/div><\/div><\/li><li aria-hidden=\"true\" class=\"soliloquy-item soliloquy-item-10 soliloquy-id-13154 soliloquy-image-slide\" draggable=\"false\" style=\"list-style:none;\"><img decoding=\"async\" id=\"soliloquy-image-13154\" class=\"soliloquy-image soliloquy-image-10 soliloquy-preload\" src=\"https:\/\/www.rezeau.org\/wp-garden\/wp-content\/plugins\/soliloquy\/assets\/css\/images\/holder.gif\" data-soliloquy-src=\"https:\/\/www.rezeau.org\/wp-garden\/wp-content\/uploads\/I-IMGP2953-1-800x600_c.jpg\" alt=\"I-IMGP2953\" \/><div class=\"soliloquy-caption soliloquy-caption-bottom soliloquy-caption-mobile\"><div class=\"soliloquy-caption-inside\">Ouf, \u00e7a avance bien. Prendre encore un petit verre, <em>toujours avec mod\u00e9ration<\/em>.<\/div><\/div><\/li><li aria-hidden=\"true\" class=\"soliloquy-item soliloquy-item-11 soliloquy-id-13155 soliloquy-image-slide\" draggable=\"false\" style=\"list-style:none;\"><img decoding=\"async\" id=\"soliloquy-image-13155\" class=\"soliloquy-image soliloquy-image-11 soliloquy-preload\" src=\"https:\/\/www.rezeau.org\/wp-garden\/wp-content\/plugins\/soliloquy\/assets\/css\/images\/holder.gif\" data-soliloquy-src=\"https:\/\/www.rezeau.org\/wp-garden\/wp-content\/uploads\/I-IMGP2972-1-800x600_c.jpg\" alt=\"I-IMGP2972\" \/><div class=\"soliloquy-caption soliloquy-caption-bottom soliloquy-caption-mobile\"><div class=\"soliloquy-caption-inside\">Et voilou ! S'il ne reste plus de cacahu\u00e8tes, <em>penser \u00e0 le noter sur la liste des courses<\/em>.<\/div><\/div><\/li><li aria-hidden=\"true\" class=\"soliloquy-item soliloquy-item-12 soliloquy-id-13156 soliloquy-image-slide\" draggable=\"false\" style=\"list-style:none;\"><img decoding=\"async\" id=\"soliloquy-image-13156\" class=\"soliloquy-image soliloquy-image-12 soliloquy-preload\" src=\"https:\/\/www.rezeau.org\/wp-garden\/wp-content\/plugins\/soliloquy\/assets\/css\/images\/holder.gif\" data-soliloquy-src=\"https:\/\/www.rezeau.org\/wp-garden\/wp-content\/uploads\/I-IMGP2973-1-800x600_c.jpg\" alt=\"I-IMGP2973\" \/><div class=\"soliloquy-caption soliloquy-caption-bottom soliloquy-caption-mobile\"><div class=\"soliloquy-caption-inside\">Faire un joli n\u0153ud en forme de boucle. Pas si facile que \u00e7a, <em>surtout si on a bu plein de petits verres sans mod\u00e9ration<\/em>.<\/div><\/div><\/li><li aria-hidden=\"true\" class=\"soliloquy-item soliloquy-item-13 soliloquy-id-13157 soliloquy-image-slide\" draggable=\"false\" style=\"list-style:none;\"><img decoding=\"async\" id=\"soliloquy-image-13157\" class=\"soliloquy-image soliloquy-image-13 soliloquy-preload\" src=\"https:\/\/www.rezeau.org\/wp-garden\/wp-content\/plugins\/soliloquy\/assets\/css\/images\/holder.gif\" data-soliloquy-src=\"https:\/\/www.rezeau.org\/wp-garden\/wp-content\/uploads\/I-IMGP2974-1-800x600_c.jpg\" alt=\"I-IMGP2974\" \/><div class=\"soliloquy-caption soliloquy-caption-bottom soliloquy-caption-mobile\"><div class=\"soliloquy-caption-inside\"><br \/>et hop !<\/div><\/div><\/li><li aria-hidden=\"true\" class=\"soliloquy-item soliloquy-item-14 soliloquy-id-13158 soliloquy-image-slide\" draggable=\"false\" style=\"list-style:none;\"><img decoding=\"async\" id=\"soliloquy-image-13158\" class=\"soliloquy-image soliloquy-image-14 soliloquy-preload\" src=\"https:\/\/www.rezeau.org\/wp-garden\/wp-content\/plugins\/soliloquy\/assets\/css\/images\/holder.gif\" data-soliloquy-src=\"https:\/\/www.rezeau.org\/wp-garden\/wp-content\/uploads\/I-IMGP2976-1-1-800x600_c.jpg\" alt=\"I-IMGP2976-1\" \/><div class=\"soliloquy-caption soliloquy-caption-bottom soliloquy-caption-mobile\"><div class=\"soliloquy-caption-inside\">Pour l'accrochage dans le pommier, prendre un crochet pour ardoises (ou n'importe quel autre crochet, \u00e7a ira aussi).<\/div><\/div><\/li><li aria-hidden=\"true\" class=\"soliloquy-item soliloquy-item-15 soliloquy-id-13159 soliloquy-image-slide\" draggable=\"false\" style=\"list-style:none;\"><img decoding=\"async\" id=\"soliloquy-image-13159\" class=\"soliloquy-image soliloquy-image-15 soliloquy-preload\" src=\"https:\/\/www.rezeau.org\/wp-garden\/wp-content\/plugins\/soliloquy\/assets\/css\/images\/holder.gif\" data-soliloquy-src=\"https:\/\/www.rezeau.org\/wp-garden\/wp-content\/uploads\/I-IMGP2976-2-1-1-800x600_c.jpg\" alt=\"I-IMGP2976-2-1\" \/><div class=\"soliloquy-caption soliloquy-caption-bottom soliloquy-caption-mobile\"><div class=\"soliloquy-caption-inside\">C'est accroch\u00e9, les m\u00e9sanges peuvent venir \u00e0 table. En g\u00e9n\u00e9ral pas besoin d'attendre bien longtemps.<\/div><\/div><\/li><li aria-hidden=\"true\" class=\"soliloquy-item soliloquy-item-16 soliloquy-id-13160 soliloquy-image-slide\" draggable=\"false\" style=\"list-style:none;\"><img decoding=\"async\" id=\"soliloquy-image-13160\" class=\"soliloquy-image soliloquy-image-16 soliloquy-preload\" src=\"https:\/\/www.rezeau.org\/wp-garden\/wp-content\/plugins\/soliloquy\/assets\/css\/images\/holder.gif\" data-soliloquy-src=\"https:\/\/www.rezeau.org\/wp-garden\/wp-content\/uploads\/I-IMGP2978-1-1-800x600_c.jpg\" alt=\"I-IMGP2978-1\" \/><div class=\"soliloquy-caption soliloquy-caption-bottom soliloquy-caption-mobile\"><div class=\"soliloquy-caption-inside\">Au bout de quelques jours, il ne reste plus grand-chose \u00e0 grignoter. Reprendre la manipulation \u00e0 l'\u00e9tape n\u00b0 1.<\/div><\/div><\/li><\/ul><\/div><noscript><style type=\"text\/css\" scoped>#soliloquy-container-13144{opacity:1}#soliloquy-container-13144 li > .soliloquy-caption{display:none}#soliloquy-container-13144 li:first-child > .soliloquy-caption{display:block}<\/style><div class=\"soliloquy-no-js\" style=\"display:none;visibility:hidden;height:0;line-height:0;opacity:0;\"><img decoding=\"async\" class=\"soliloquy-image soliloquy-no-js-image\" src=\"https:\/\/www.rezeau.org\/wp-garden\/wp-content\/uploads\/I-IMGP2931-1.jpg\" alt=\"I-IMGP2931\" \/><img decoding=\"async\" class=\"soliloquy-image soliloquy-no-js-image\" src=\"https:\/\/www.rezeau.org\/wp-garden\/wp-content\/uploads\/I-IMGP2933-1.jpg\" alt=\"I-IMGP2933\" \/><img decoding=\"async\" class=\"soliloquy-image soliloquy-no-js-image\" src=\"https:\/\/www.rezeau.org\/wp-garden\/wp-content\/uploads\/I-IMGP2935-1.jpg\" alt=\"I-IMGP2935\" \/><img decoding=\"async\" class=\"soliloquy-image soliloquy-no-js-image\" src=\"https:\/\/www.rezeau.org\/wp-garden\/wp-content\/uploads\/I-IMGP2936-1.jpg\" alt=\"I-IMGP2936\" \/><img decoding=\"async\" class=\"soliloquy-image soliloquy-no-js-image\" src=\"https:\/\/www.rezeau.org\/wp-garden\/wp-content\/uploads\/I-IMGP2937-1.jpg\" alt=\"I-IMGP2937\" \/><img decoding=\"async\" class=\"soliloquy-image soliloquy-no-js-image\" src=\"https:\/\/www.rezeau.org\/wp-garden\/wp-content\/uploads\/I-IMGP2938-1.jpg\" alt=\"I-IMGP2938\" \/><img decoding=\"async\" class=\"soliloquy-image soliloquy-no-js-image\" src=\"https:\/\/www.rezeau.org\/wp-garden\/wp-content\/uploads\/I-IMGP2939-1.jpg\" alt=\"I-IMGP2939\" \/><img decoding=\"async\" class=\"soliloquy-image soliloquy-no-js-image\" src=\"https:\/\/www.rezeau.org\/wp-garden\/wp-content\/uploads\/I-IMGP2943-1.jpg\" alt=\"I-IMGP2943\" \/><img decoding=\"async\" class=\"soliloquy-image soliloquy-no-js-image\" src=\"https:\/\/www.rezeau.org\/wp-garden\/wp-content\/uploads\/I-IMGP2944-1.jpg\" alt=\"I-IMGP2944\" \/><img decoding=\"async\" class=\"soliloquy-image soliloquy-no-js-image\" src=\"https:\/\/www.rezeau.org\/wp-garden\/wp-content\/uploads\/I-IMGP2953-1.jpg\" alt=\"I-IMGP2953\" \/><img decoding=\"async\" class=\"soliloquy-image soliloquy-no-js-image\" src=\"https:\/\/www.rezeau.org\/wp-garden\/wp-content\/uploads\/I-IMGP2972-1.jpg\" alt=\"I-IMGP2972\" \/><img decoding=\"async\" class=\"soliloquy-image soliloquy-no-js-image\" src=\"https:\/\/www.rezeau.org\/wp-garden\/wp-content\/uploads\/I-IMGP2973-1.jpg\" alt=\"I-IMGP2973\" \/><img decoding=\"async\" class=\"soliloquy-image soliloquy-no-js-image\" src=\"https:\/\/www.rezeau.org\/wp-garden\/wp-content\/uploads\/I-IMGP2974-1.jpg\" alt=\"I-IMGP2974\" \/><img decoding=\"async\" class=\"soliloquy-image soliloquy-no-js-image\" src=\"https:\/\/www.rezeau.org\/wp-garden\/wp-content\/uploads\/I-IMGP2976-1-1.jpg\" alt=\"I-IMGP2976-1\" \/><img decoding=\"async\" class=\"soliloquy-image soliloquy-no-js-image\" src=\"https:\/\/www.rezeau.org\/wp-garden\/wp-content\/uploads\/I-IMGP2976-2-1-1.jpg\" alt=\"I-IMGP2976-2-1\" \/><img decoding=\"async\" class=\"soliloquy-image soliloquy-no-js-image\" src=\"https:\/\/www.rezeau.org\/wp-garden\/wp-content\/uploads\/I-IMGP2978-1-1.jpg\" alt=\"I-IMGP2978-1\" \/><\/div><\/noscript><\/div>\n\n\n\n<hr class=\"wp-block-separator\"\/>\n\n\n\n<p><strong>Voir le r\u00e9sultat sur la vid\u00e9o <a href=\"http:\/\/www.rezeau.org\/wp-garden\/fr\/le-manege-des-mesanges\/\">Le man\u00e8ge des m\u00e9sanges<\/a><\/strong><br style=\"clear: both;\"><\/p>\n","protected":false},"excerpt":{"rendered":"<p>Hello les jardiniers qui aiment les zozios. Aujourd&#8217;hui ma petite recette pour fabriquer des guirlandes de cacahu\u00e8tes pour attirer les m\u00e9sanges. R\u00e9sultat garanti. Voir le r\u00e9sultat sur la vid\u00e9o Le man\u00e8ge des m\u00e9sanges<\/p>\n<p class=\"continue-reading-button\"> <a class=\"continue-reading-link\" href=\"https:\/\/www.rezeau.org\/wp-garden\/fr\/fabrication-de-guirlandes-de-cacahuetes\/\">Continue reading<i class=\"crycon-right-dir\"><\/i><\/a><\/p>\n","protected":false},"author":2,"featured_media":0,"parent":0,"menu_order":0,"comment_status":"closed","ping_status":"closed","template":"templates\/template-onecolumn.php","meta":{"_acf_changed":false,"footnotes":""},"categories":[371,137],"tags":[3228,1258],"class_list":["post-13161","page","type-page","status-publish","hentry","category-amenagement","category-jardinage","tag-diaporamas","tag-oiseaux"],"acf":[],"_links":{"self":[{"href":"https:\/\/www.rezeau.org\/wp-garden\/wp-json\/wp\/v2\/pages\/13161","targetHints":{"allow":["GET"]}}],"collection":[{"href":"https:\/\/www.rezeau.org\/wp-garden\/wp-json\/wp\/v2\/pages"}],"about":[{"href":"https:\/\/www.rezeau.org\/wp-garden\/wp-json\/wp\/v2\/types\/page"}],"author":[{"embeddable":true,"href":"https:\/\/www.rezeau.org\/wp-garden\/wp-json\/wp\/v2\/users\/2"}],"replies":[{"embeddable":true,"href":"https:\/\/www.rezeau.org\/wp-garden\/wp-json\/wp\/v2\/comments?post=13161"}],"version-history":[{"count":0,"href":"https:\/\/www.rezeau.org\/wp-garden\/wp-json\/wp\/v2\/pages\/13161\/revisions"}],"wp:attachment":[{"href":"https:\/\/www.rezeau.org\/wp-garden\/wp-json\/wp\/v2\/media?parent=13161"}],"wp:term":[{"taxonomy":"category","embeddable":true,"href":"https:\/\/www.rezeau.org\/wp-garden\/wp-json\/wp\/v2\/categories?post=13161"},{"taxonomy":"post_tag","embeddable":true,"href":"https:\/\/www.rezeau.org\/wp-garden\/wp-json\/wp\/v2\/tags?post=13161"}],"curies":[{"name":"wp","href":"https:\/\/api.w.org\/{rel}","templated":true}]}}