
{"id":14837,"date":"2020-08-11T12:05:38","date_gmt":"2020-08-11T10:05:38","guid":{"rendered":"https:\/\/www.rezeau.org\/wp-garden\/?page_id=14837"},"modified":"2021-04-24T22:46:18","modified_gmt":"2021-04-24T20:46:18","slug":"scenes-de-jardin-ete-2020","status":"publish","type":"page","link":"https:\/\/www.rezeau.org\/wp-garden\/fr\/scenes-de-jardin-ete-2020\/","title":{"rendered":"Sc\u00e8nes de jardin &#8211; \u00e9t\u00e9 2020"},"content":{"rendered":"\n\n<style type=\"text\/css\">\n#foogallery-gallery-14836 .fg-image { width: 100px; }\n#foogallery-gallery-14836 { --fg-gutter: 10px; }<\/style>\n\t\t\t<div class=\"foogallery foogallery-container foogallery-default foogallery-lightbox-none fg-left fg-default fg-ready fg-light fg-border-thin fg-shadow-outline fg-loading-default fg-loaded-fade-in fg-hover-fade fg-hover-zoom\" id=\"foogallery-gallery-14836\" data-foogallery=\"{&quot;item&quot;:{&quot;showCaptionTitle&quot;:true,&quot;showCaptionDescription&quot;:true},&quot;lazy&quot;:true}\" style=\"--fg-title-line-clamp: 0; --fg-description-line-clamp: 0;\" >\n\t<div class=\"fg-item fg-type-image fg-idle\"><figure class=\"fg-item-inner\"><a href=\"https:\/\/www.rezeau.org\/wp-garden\/wp-content\/uploads\/19-05-2020.jpg\" data-caption-title=\"19\/05\/2020\" data-caption-desc=\"La bordure Ouest en mai.\" data-attachment-id=\"14472\" data-type=\"image\" class=\"fg-thumb\" rel=\"lightbox[14837]\"><span class=\"fg-image-wrap\"><img decoding=\"async\" alt=\"La bordure Ouest en mai.\" title=\"19\/05\/2020\" width=\"100\" height=\"100\" class=\"skip-lazy fg-image\" data-src-fg=\"https:\/\/www.rezeau.org\/wp-garden\/wp-content\/uploads\/cache\/19-05-2020\/1393187373.jpg\" src=\"data:image\/svg+xml,%3Csvg%20xmlns%3D%22http%3A%2F%2Fwww.w3.org%2F2000%2Fsvg%22%20width%3D%22100%22%20height%3D%22100%22%20viewBox%3D%220%200%20100%20100%22%3E%3C%2Fsvg%3E\" loading=\"eager\"><\/span><span class=\"fg-image-overlay\"><\/span><\/a><figcaption class=\"fg-caption\"><div class=\"fg-caption-inner\"><div class=\"fg-caption-title\">19\/05\/2020<\/div><div class=\"fg-caption-desc\">La bordure Ouest en mai.<\/div><\/div><\/figcaption><\/figure><div class=\"fg-loader\"><\/div><\/div><div class=\"fg-item fg-type-image fg-idle\"><figure class=\"fg-item-inner\"><a href=\"https:\/\/www.rezeau.org\/wp-garden\/wp-content\/uploads\/10-08-2020.jpg\" data-caption-title=\"10\/08\/2020\" data-caption-desc=\"Bordure Ouest ao\u00fbt 2020\" data-attachment-id=\"14835\" data-type=\"image\" class=\"fg-thumb\" rel=\"lightbox[14837]\"><span class=\"fg-image-wrap\"><img decoding=\"async\" alt=\"Bordure Ouest ao\u00fbt 2020\" title=\"10\/08\/2020\" width=\"100\" height=\"100\" class=\"skip-lazy fg-image\" data-src-fg=\"https:\/\/www.rezeau.org\/wp-garden\/wp-content\/uploads\/cache\/10-08-2020\/4044799187.jpg\" src=\"data:image\/svg+xml,%3Csvg%20xmlns%3D%22http%3A%2F%2Fwww.w3.org%2F2000%2Fsvg%22%20width%3D%22100%22%20height%3D%22100%22%20viewBox%3D%220%200%20100%20100%22%3E%3C%2Fsvg%3E\" loading=\"eager\"><\/span><span class=\"fg-image-overlay\"><\/span><\/a><figcaption class=\"fg-caption\"><div class=\"fg-caption-inner\"><div class=\"fg-caption-title\">10\/08\/2020<\/div><div class=\"fg-caption-desc\">Bordure Ouest ao\u00fbt 2020<\/div><\/div><\/figcaption><\/figure><div class=\"fg-loader\"><\/div><\/div><div class=\"fg-item fg-type-image fg-idle\"><figure class=\"fg-item-inner\"><a href=\"https:\/\/www.rezeau.org\/wp-garden\/wp-content\/uploads\/18-07-2020.jpg\" data-caption-title=\"18\/07\/2020 - Bordure Nord\" data-attachment-id=\"14834\" data-type=\"image\" class=\"fg-thumb\" rel=\"lightbox[14837]\"><span class=\"fg-image-wrap\"><img decoding=\"async\" title=\"18\/07\/2020 - Bordure Nord\" width=\"100\" height=\"100\" class=\"skip-lazy fg-image\" data-src-fg=\"https:\/\/www.rezeau.org\/wp-garden\/wp-content\/uploads\/cache\/18-07-2020\/3168578892.jpg\" src=\"data:image\/svg+xml,%3Csvg%20xmlns%3D%22http%3A%2F%2Fwww.w3.org%2F2000%2Fsvg%22%20width%3D%22100%22%20height%3D%22100%22%20viewBox%3D%220%200%20100%20100%22%3E%3C%2Fsvg%3E\" loading=\"eager\"><\/span><span class=\"fg-image-overlay\"><\/span><\/a><figcaption class=\"fg-caption\"><div class=\"fg-caption-inner\"><div class=\"fg-caption-title\">18\/07\/2020 &#8211; Bordure Nord<\/div><\/div><\/figcaption><\/figure><div class=\"fg-loader\"><\/div><\/div><div class=\"fg-item fg-type-image fg-idle\"><figure class=\"fg-item-inner\"><a href=\"https:\/\/www.rezeau.org\/wp-garden\/wp-content\/uploads\/18-07-2020-2.jpg\" data-caption-title=\"18\/07\/2020\" data-caption-desc=\"Bordure Est\" data-attachment-id=\"14833\" data-type=\"image\" class=\"fg-thumb\" rel=\"lightbox[14837]\"><span class=\"fg-image-wrap\"><img decoding=\"async\" title=\"18\/07\/2020\" width=\"100\" height=\"100\" class=\"skip-lazy fg-image\" data-src-fg=\"https:\/\/www.rezeau.org\/wp-garden\/wp-content\/uploads\/cache\/18-07-2020-2\/351993856.jpg\" src=\"data:image\/svg+xml,%3Csvg%20xmlns%3D%22http%3A%2F%2Fwww.w3.org%2F2000%2Fsvg%22%20width%3D%22100%22%20height%3D%22100%22%20viewBox%3D%220%200%20100%20100%22%3E%3C%2Fsvg%3E\" loading=\"eager\"><\/span><span class=\"fg-image-overlay\"><\/span><\/a><figcaption class=\"fg-caption\"><div class=\"fg-caption-inner\"><div class=\"fg-caption-title\">18\/07\/2020<\/div><\/div><\/figcaption><\/figure><div class=\"fg-loader\"><\/div><\/div><div class=\"fg-item fg-type-image fg-idle\"><figure class=\"fg-item-inner\"><a href=\"https:\/\/www.rezeau.org\/wp-garden\/wp-content\/uploads\/18-07-2020-5.jpg\" data-caption-title=\"18\/07\/2020\" data-caption-desc=\"Association de g\u00e9ranium Rozane et hydrangea Pastel Green\" data-attachment-id=\"14832\" data-type=\"image\" class=\"fg-thumb\" rel=\"lightbox[14837]\"><span class=\"fg-image-wrap\"><img decoding=\"async\" title=\"18\/07\/2020\" width=\"100\" height=\"100\" class=\"skip-lazy fg-image\" data-src-fg=\"https:\/\/www.rezeau.org\/wp-garden\/wp-content\/uploads\/cache\/18-07-2020-5\/3247349605.jpg\" src=\"data:image\/svg+xml,%3Csvg%20xmlns%3D%22http%3A%2F%2Fwww.w3.org%2F2000%2Fsvg%22%20width%3D%22100%22%20height%3D%22100%22%20viewBox%3D%220%200%20100%20100%22%3E%3C%2Fsvg%3E\" loading=\"eager\"><\/span><span class=\"fg-image-overlay\"><\/span><\/a><figcaption class=\"fg-caption\"><div class=\"fg-caption-inner\"><div class=\"fg-caption-title\">18\/07\/2020<\/div><\/div><\/figcaption><\/figure><div class=\"fg-loader\"><\/div><\/div><div class=\"fg-item fg-type-image fg-idle\"><figure class=\"fg-item-inner\"><a href=\"https:\/\/www.rezeau.org\/wp-garden\/wp-content\/uploads\/18-07-2020-4.jpg\" data-caption-title=\"18\/07\/2020\" data-caption-desc=\"Le coin Nord-Ouest avec au premier plan une touffe d&#039;erigeron karvinskianus et une sauge &#039;Caramba&#039;. En arri\u00e8re-plan la lavat\u00e8re Barnsley en train de revenir au type Rosea !\" data-attachment-id=\"14831\" data-type=\"image\" class=\"fg-thumb\" rel=\"lightbox[14837]\"><span class=\"fg-image-wrap\"><img decoding=\"async\" title=\"18\/07\/2020\" width=\"100\" height=\"100\" class=\"skip-lazy fg-image\" data-src-fg=\"https:\/\/www.rezeau.org\/wp-garden\/wp-content\/uploads\/cache\/18-07-2020-4\/3062113086.jpg\" src=\"data:image\/svg+xml,%3Csvg%20xmlns%3D%22http%3A%2F%2Fwww.w3.org%2F2000%2Fsvg%22%20width%3D%22100%22%20height%3D%22100%22%20viewBox%3D%220%200%20100%20100%22%3E%3C%2Fsvg%3E\" loading=\"eager\"><\/span><span class=\"fg-image-overlay\"><\/span><\/a><figcaption class=\"fg-caption\"><div class=\"fg-caption-inner\"><div class=\"fg-caption-title\">18\/07\/2020<\/div><\/div><\/figcaption><\/figure><div class=\"fg-loader\"><\/div><\/div><div class=\"fg-item fg-type-image fg-idle\"><figure class=\"fg-item-inner\"><a href=\"https:\/\/www.rezeau.org\/wp-garden\/wp-content\/uploads\/18-07-2020-3.jpg\" data-caption-title=\"18\/07\/2020\" data-caption-desc=\"Coin Nord-Ouest. Le rosier Celina sur fond de lavat\u00e8re Barnsley \u00e0 gauche et hibiscus Lavender Chiffon \u00e0 droite\" data-attachment-id=\"14830\" data-type=\"image\" class=\"fg-thumb\" rel=\"lightbox[14837]\"><span class=\"fg-image-wrap\"><img decoding=\"async\" title=\"18\/07\/2020\" width=\"100\" height=\"100\" class=\"skip-lazy fg-image\" data-src-fg=\"https:\/\/www.rezeau.org\/wp-garden\/wp-content\/uploads\/cache\/18-07-2020-3\/1676786779.jpg\" src=\"data:image\/svg+xml,%3Csvg%20xmlns%3D%22http%3A%2F%2Fwww.w3.org%2F2000%2Fsvg%22%20width%3D%22100%22%20height%3D%22100%22%20viewBox%3D%220%200%20100%20100%22%3E%3C%2Fsvg%3E\" loading=\"eager\"><\/span><span class=\"fg-image-overlay\"><\/span><\/a><figcaption class=\"fg-caption\"><div class=\"fg-caption-inner\"><div class=\"fg-caption-title\">18\/07\/2020<\/div><\/div><\/figcaption><\/figure><div class=\"fg-loader\"><\/div><\/div><\/div>\n","protected":false},"excerpt":{"rendered":"<p class=\"continue-reading-button\"> <a class=\"continue-reading-link\" href=\"https:\/\/www.rezeau.org\/wp-garden\/fr\/scenes-de-jardin-ete-2020\/\">Continue reading<i class=\"crycon-right-dir\"><\/i><\/a><\/p>\n","protected":false},"author":2,"featured_media":14835,"parent":0,"menu_order":0,"comment_status":"closed","ping_status":"closed","template":"templates\/template-onecolumn.php","meta":{"_acf_changed":false,"footnotes":""},"categories":[425],"tags":[],"class_list":["post-14837","page","type-page","status-publish","has-post-thumbnail","hentry","category-photos"],"acf":[],"_links":{"self":[{"href":"https:\/\/www.rezeau.org\/wp-garden\/wp-json\/wp\/v2\/pages\/14837","targetHints":{"allow":["GET"]}}],"collection":[{"href":"https:\/\/www.rezeau.org\/wp-garden\/wp-json\/wp\/v2\/pages"}],"about":[{"href":"https:\/\/www.rezeau.org\/wp-garden\/wp-json\/wp\/v2\/types\/page"}],"author":[{"embeddable":true,"href":"https:\/\/www.rezeau.org\/wp-garden\/wp-json\/wp\/v2\/users\/2"}],"replies":[{"embeddable":true,"href":"https:\/\/www.rezeau.org\/wp-garden\/wp-json\/wp\/v2\/comments?post=14837"}],"version-history":[{"count":0,"href":"https:\/\/www.rezeau.org\/wp-garden\/wp-json\/wp\/v2\/pages\/14837\/revisions"}],"wp:featuredmedia":[{"embeddable":true,"href":"https:\/\/www.rezeau.org\/wp-garden\/wp-json\/wp\/v2\/media\/14835"}],"wp:attachment":[{"href":"https:\/\/www.rezeau.org\/wp-garden\/wp-json\/wp\/v2\/media?parent=14837"}],"wp:term":[{"taxonomy":"category","embeddable":true,"href":"https:\/\/www.rezeau.org\/wp-garden\/wp-json\/wp\/v2\/categories?post=14837"},{"taxonomy":"post_tag","embeddable":true,"href":"https:\/\/www.rezeau.org\/wp-garden\/wp-json\/wp\/v2\/tags?post=14837"}],"curies":[{"name":"wp","href":"https:\/\/api.w.org\/{rel}","templated":true}]}}