
{"id":2943,"date":"2015-11-15T16:37:36","date_gmt":"2015-11-15T15:37:36","guid":{"rendered":"http:\/\/www.rezeau.org\/wp-garden\/?page_id=2943"},"modified":"2021-04-25T23:48:31","modified_gmt":"2021-04-25T21:48:31","slug":"conseils-de-jardinage","status":"publish","type":"page","link":"https:\/\/www.rezeau.org\/wp-garden\/fr\/conseils-de-jardinage\/","title":{"rendered":"Conseils de jardinage"},"content":{"rendered":"\n<p>Quelques sites donnant des conseils de jardinage (Web, radio et vid\u00e9o)<\/p>\n\n\n\n<div class=\"wp-block-image\"><figure class=\"alignleft\"><img loading=\"lazy\" decoding=\"async\" width=\"300\" height=\"82\" src=\"http:\/\/www.rezeau.org\/wp-garden\/wp-content\/uploads\/2015-11-15_16-34-37.jpg\" alt=\"2015-11-15_16-34-37\" class=\"wp-image-2949\" title=\"\"\/><figcaption><a rel=\"noreferrer noopener\" href=\"http:\/\/www.gerbeaud.com\" target=\"_blank\">Site Web<\/a><\/figcaption><\/figure><\/div>\n\n\n\n<p><a href=\"http:\/\/www.gerbeaud.com\" target=\"_blank\" rel=\"noreferrer noopener\">Gerbeaud.com<\/a> est un site \u00e9ditorial centr\u00e9 sur l&#8217;univers du jardin. Il offre gratuitement \u00e0 ses lecteurs des conseils de jardinage de saison, plus de 1500 fiches pratiques, des milliers de r\u00e9ponses \u00e0 des questions fr\u00e9quentes, des articles r\u00e9guliers sur le jardinage \u00e9co-responsable, l&#8217;actualit\u00e9 du jardin, les fruits et l\u00e9gumes &#8220;bio&#8221; et de saison, etc<\/p>\n\n\n\n<div style=\"height:1px\" aria-hidden=\"true\" class=\"wp-block-spacer\"><\/div>\n\n\n\n<div class=\"wp-block-image\"><figure class=\"alignleft\"><img loading=\"lazy\" decoding=\"async\" width=\"300\" height=\"115\" src=\"http:\/\/www.rezeau.org\/wp-garden\/wp-content\/uploads\/2015-11-15_17-32-47-e1447605889752.jpg\" alt=\"2015-11-15_17-32-47\" class=\"wp-image-2953\"\/><figcaption><a href=\"http:\/\/www.aujardin.info\/\" target=\"_blank\" rel=\"noreferrer noopener\">Site Web<\/a><\/figcaption><\/figure><\/div>\n\n\n\n<p><a rel=\"noreferrer noopener\" href=\"http:\/\/www.aujardin.info\/\" target=\"_blank\">auJardin.info<\/a> est un site de jardinage avec de tr\u00e8s nombreuses rubriques : calendrier, fiches, encyclop\u00e9die, des trucs, des vid\u00e9os, des forums. Propose \u00e9galement des annuaires de professionnels, d&#8217;autres sites internet et blogs, des services payants et une boutique en ligne.<\/p>\n\n\n\n<div style=\"height:1px\" aria-hidden=\"true\" class=\"wp-block-spacer\"><\/div>\n\n\n\n<div class=\"wp-block-image\"><figure class=\"alignleft size-full\"><img loading=\"lazy\" decoding=\"async\" width=\"300\" height=\"72\" src=\"https:\/\/www.rezeau.org\/wp-garden\/wp-content\/uploads\/2015-11-15_18-16-24.jpg\" alt=\"2015-11-15_18-16-24\" class=\"wp-image-2961\"\/><figcaption><a href=\"http:\/\/gardenbreizh.org\/\" target=\"_blank\" rel=\"noreferrer noopener\">Site Web<\/a><\/figcaption><\/figure><\/div>\n\n\n\n<p><a rel=\"noreferrer noopener\" href=\"http:\/\/gardenbreizh.org\/\" target=\"_blank\">GardenBreizh<\/a>, un site qui pr\u00e9sente les plantes exotiques capables de s&#8217;acclimater dans tous les types de jardins, que les hivers soient chauds, doux ou franchement frais. Vous y trouverez de nombreuses fiches descriptives, des articles, des pr\u00e9sentations de livres, des galeries photos de jardins et plantes exotiques, des albums persos, des liens int\u00e9ressants. Comme son nom l&#8217;indique, ce site est cibl\u00e9 sur la Bretagne.<\/p>\n","protected":false},"excerpt":{"rendered":"<p>Quelques sites donnant des conseils de jardinage (Web, radio et vid\u00e9o) Gerbeaud.com est un site \u00e9ditorial centr\u00e9 sur l&#8217;univers du jardin. Il offre gratuitement \u00e0 ses lecteurs des conseils de jardinage de saison, plus de 1500 fiches pratiques, des milliers de r\u00e9ponses \u00e0 des questions fr\u00e9quentes, des articles r\u00e9guliers sur&#8230;<\/p>\n<p class=\"continue-reading-button\"> <a class=\"continue-reading-link\" href=\"https:\/\/www.rezeau.org\/wp-garden\/fr\/conseils-de-jardinage\/\">Continue reading<i class=\"crycon-right-dir\"><\/i><\/a><\/p>\n","protected":false},"author":1,"featured_media":0,"parent":0,"menu_order":3,"comment_status":"closed","ping_status":"closed","template":"templates\/template-onecolumn.php","meta":{"_acf_changed":false,"footnotes":""},"categories":[410],"tags":[],"class_list":["post-2943","page","type-page","status-publish","hentry","category-liens"],"acf":[],"_links":{"self":[{"href":"https:\/\/www.rezeau.org\/wp-garden\/wp-json\/wp\/v2\/pages\/2943","targetHints":{"allow":["GET"]}}],"collection":[{"href":"https:\/\/www.rezeau.org\/wp-garden\/wp-json\/wp\/v2\/pages"}],"about":[{"href":"https:\/\/www.rezeau.org\/wp-garden\/wp-json\/wp\/v2\/types\/page"}],"author":[{"embeddable":true,"href":"https:\/\/www.rezeau.org\/wp-garden\/wp-json\/wp\/v2\/users\/1"}],"replies":[{"embeddable":true,"href":"https:\/\/www.rezeau.org\/wp-garden\/wp-json\/wp\/v2\/comments?post=2943"}],"version-history":[{"count":0,"href":"https:\/\/www.rezeau.org\/wp-garden\/wp-json\/wp\/v2\/pages\/2943\/revisions"}],"wp:attachment":[{"href":"https:\/\/www.rezeau.org\/wp-garden\/wp-json\/wp\/v2\/media?parent=2943"}],"wp:term":[{"taxonomy":"category","embeddable":true,"href":"https:\/\/www.rezeau.org\/wp-garden\/wp-json\/wp\/v2\/categories?post=2943"},{"taxonomy":"post_tag","embeddable":true,"href":"https:\/\/www.rezeau.org\/wp-garden\/wp-json\/wp\/v2\/tags?post=2943"}],"curies":[{"name":"wp","href":"https:\/\/api.w.org\/{rel}","templated":true}]}}