{"id":304,"date":"2025-10-21T22:49:33","date_gmt":"2025-10-21T20:49:33","guid":{"rendered":"https:\/\/www.rezeau.org\/wp-h5p\/?page_id=304"},"modified":"2025-10-25T15:50:59","modified_gmt":"2025-10-25T13:50:59","slug":"dtw-documentation-fr","status":"publish","type":"page","link":"https:\/\/www.rezeau.org\/wp-h5p\/fr\/dtw-documentation-fr\/","title":{"rendered":"DTW Documentation fr"},"content":{"rendered":"\n<h3 class=\"wp-block-heading\"><em>Drag the Words &#8216;papi Jo&#8217; Version <em>1.0.29 d&#8217;Octobre 2025<\/em><\/em><\/h3>\n\n\n\n<p>H5P Drag the Words &#8216;papi Jo&#8217; est bas\u00e9 sur l&#8217;activit\u00e9 standard HP Drag the Words. Voici une liste des <strong>nouvelles fonctionnalit\u00e9s <\/strong>actuellement disponibles.<\/p>\n\n\n\n<p><strong>REMARQUE IMPORTANTE <\/strong>: \u00e0 partir de la version 1.0.15, les &#8220;tips&#8221; doivent \u00eatre pr\u00e9c\u00e9d\u00e9s de <strong>deux <\/strong>double-points <strong>: :<\/strong> au lieu d&#8217;un simple double-point dans les versions pr\u00e9c\u00e9dentes. Il se peut que vous deviez r\u00e9viser vos contenus publi\u00e9s s&#8217;ils contiennent des &#8220;tips&#8221;. Je suis d\u00e9sol\u00e9 pour ce d\u00e9sagr\u00e9ment, rendu n\u00e9cessaire par l&#8217;introduction des 2 nouvelles fonctionnalit\u00e9s d\u00e9crites ci-dessous aux \u00a7 14 et \u00a7 15.<\/p>\n\n\n\n<ol class=\"wp-block-list\">\n<li>Possibilit\u00e9 d&#8217;utiliser des textes longs \u00e0 glisser-d\u00e9poser sans les tronquer, ce qui permet de cr\u00e9er des activit\u00e9s de &#8220;remise en ordre des phrases\/paragraphes&#8221;.<\/li>\n\n\n\n<li>Option permettant de conserver les r\u00e9ponses correctes lors d&#8217;une nouvelle tentative.<\/li>\n\n\n\n<li>Option permettant de trier les mots \u00e0 glisser-d\u00e9poser par ordre alphab\u00e9tique. Cela peut \u00eatre utile lorsqu&#8217;il y a un nombre assez important de mots (ou de parties de mots) \u00e0 glisser-d\u00e9poser. Il est alors plus facile pour l&#8217;utilisateur final de trouver les mots \u00e0 faire glisser dans les espaces vides. Depuis la version <strong>1.0.7<\/strong> les mots commen\u00e7ant par un accent (ou une majuscule) sont correctement plac\u00e9s en ordre alphab\u00e9tique.<\/li>\n\n\n\n<li>Option permettant d&#8217;ajouter des distracteurs \u00e0 la liste des mots \u00e0 glisser-d\u00e9poser. Nouvelle fonctionnalit\u00e9 propos\u00e9e par Oliver Tacke \u00e0 l&#8217;adresse <a href=\"http:\/\/github.com\/h5p\/h5p-drag-text\/pull\/51\" target=\"_blank\" rel=\"noreferrer noopener\">https:\/\/github.com\/h5p\/h5p-drag-text\/pull\/51<\/a>.<\/li>\n\n\n\n<li>Option permettant d&#8217;afficher les textes \u00e0 glisser-d\u00e9poser corrects et incorrects sans fond de couleur (et sans l&#8217;ic\u00f4ne de v\u00e9rification) lors de la v\u00e9rification des r\u00e9ponses. Ceci est particuli\u00e8rement utile si les \u00e9l\u00e9ments \u00e0 faire glisser sont des parties de mots.<\/li>\n\n\n\n<li>Option permettant de forcer l&#8217;affichage des textes de solution sous le contenu (plut\u00f4t qu&#8217;\u00e0 droite de l&#8217;\u00e9cran). Fonctionnalit\u00e9 d\u00e9velopp\u00e9e par Oliver Tacker \u00e0 l&#8217;adresse <a href=\"https:\/\/github.com\/h5p\/h5p-drag-text\/pull\/50\" target=\"_blank\" rel=\"noreferrer noopener\">https:\/\/github.com\/h5p\/h5p-drag-text\/pull\/50<\/a>.<\/li>\n\n\n\n<li>Affichage des textes et formules Latex (la biblioth\u00e8que H5P.MathDisplay doit \u00eatre install\u00e9e, car elle ne fait pas partie des composants de la biblioth\u00e8que H5P Drag the Words &#8216;papi Jo&#8217;).<\/li>\n\n\n\n<li>Permettre l&#8217;utilisation d&#8217;ast\u00e9risques \u00e9chapp\u00e9s dans les d\u00e9limiteurs d&#8217;ast\u00e9risques (utile pour l&#8217;op\u00e9rateur de multiplication en math\u00e9matiques).<\/li>\n\n\n\n<li>&nbsp;Autoriser l&#8217;utilisation de deux-points \u00e9chapp\u00e9s comme op\u00e9rateur de division en math\u00e9matiques.&nbsp;<br><em>Remarque<\/em> : les ast\u00e9risques et les deux-points \u00e9chapp\u00e9s peuvent \u00eatre utilis\u00e9s dans les textes \u00e0 faire glisser, dans les textes de conseils et dans les textes de commentaires \u00e9galement !<\/li>\n\n\n\n<li>Ajout d&#8217;une marge si le conteneur de la zone de d\u00e9p\u00f4t comporte une info. Par Oliver Tacke \u00e0 l&#8217;adresse <a href=\"https:\/\/github.com\/h5p\/h5p-drag-text\/pull\/102\" target=\"_blank\" rel=\"noreferrer noopener\">https:\/\/github.com\/h5p\/h5p-drag-text\/pull\/102<\/a> (j&#8217;ai \u00e9galement ajout\u00e9 la m\u00eame marge \u00e0 l&#8217;affichage des solutions de visualisation).<\/li>\n\n\n\n<li>Ajout d&#8217;un m\u00e9dia audio en haut de l&#8217;activit\u00e9 (et pas seulement une image comme dans le contenu officiel &#8220;Faites glisser les mots&#8221;).<\/li>\n\n\n\n<li>Possibilit\u00e9 de d\u00e9finir la largeur de la colonne de gauche (contenant le texte avec des blancs) sur &#8220;auto&#8221; (par d\u00e9faut), &#8220;33%&#8221;, &#8220;50%&#8221; ou &#8220;75%&#8221;.<\/li>\n\n\n\n<li>Nouveaut\u00e9s de la version 1.0.9&nbsp;&nbsp;<br>Il est d\u00e9sormais possible de formater votre texte et d&#8217;ins\u00e9rer des images dans le texte ainsi que dans les Tips. Remerciements \u00e0 Sokunthearith Makara alias Thearith du Cambodge. Pour des exemples de ces nouvelles options de formatage, voir la page 09 de ce livre interactif. Veuillez noter qu&#8217;un formatage minimal est recommand\u00e9, balises &lt;em&gt; et &lt;strong&gt;, etc.<\/li>\n\n\n\n<li>Ajout\u00e9 dans la version 1.0.13. Il est possible d&#8217;ajouter un bloc de texte &#8220;distracteur&#8221; supprimable \u00e0 chaque \u00e9l\u00e9ment pouvant \u00eatre gliss\u00e9-d\u00e9pos\u00e9.&nbsp;<br><img decoding=\"async\" src=\"https:\/\/moodle\/draftfile.php\/5\/user\/draft\/170666484\/2023-08-28_22-25-00_0.gif\" alt=\"\"><\/li>\n\n\n\n<li>Ajout\u00e9 dans la version 1.0.15. Vous pouvez maintenant ajouter plusieurs alternatives de r\u00e9ponses correctes pour les mots \u00e0 glisser-d\u00e9poser.&nbsp;<\/li>\n<\/ol>\n","protected":false},"excerpt":{"rendered":"<p>Drag the Words &#8216;papi Jo&#8217; Version 1.0.29 d&#8217;Octobre 2025 H5P Drag the Words &#8216;papi Jo&#8217; est bas\u00e9 sur l&#8217;activit\u00e9 standard HP Drag the Words. Voici une liste des nouvelles fonctionnalit\u00e9s actuellement disponibles. REMARQUE IMPORTANTE : \u00e0 partir de la version 1.0.15, les &#8220;tips&#8221; doivent \u00eatre pr\u00e9c\u00e9d\u00e9s de deux double-points : : au lieu d&#8217;un simple&hellip;<\/p>\n","protected":false},"author":1,"featured_media":0,"parent":0,"menu_order":0,"comment_status":"closed","ping_status":"closed","template":"","meta":{"footnotes":""},"categories":[101,60],"tags":[],"class_list":["post-304","page","type-page","status-publish","hentry","category-drag-the-words-fr","category-librairies-papi-jo"],"_links":{"self":[{"href":"https:\/\/www.rezeau.org\/wp-h5p\/wp-json\/wp\/v2\/pages\/304","targetHints":{"allow":["GET"]}}],"collection":[{"href":"https:\/\/www.rezeau.org\/wp-h5p\/wp-json\/wp\/v2\/pages"}],"about":[{"href":"https:\/\/www.rezeau.org\/wp-h5p\/wp-json\/wp\/v2\/types\/page"}],"author":[{"embeddable":true,"href":"https:\/\/www.rezeau.org\/wp-h5p\/wp-json\/wp\/v2\/users\/1"}],"replies":[{"embeddable":true,"href":"https:\/\/www.rezeau.org\/wp-h5p\/wp-json\/wp\/v2\/comments?post=304"}],"version-history":[{"count":2,"href":"https:\/\/www.rezeau.org\/wp-h5p\/wp-json\/wp\/v2\/pages\/304\/revisions"}],"predecessor-version":[{"id":647,"href":"https:\/\/www.rezeau.org\/wp-h5p\/wp-json\/wp\/v2\/pages\/304\/revisions\/647"}],"wp:attachment":[{"href":"https:\/\/www.rezeau.org\/wp-h5p\/wp-json\/wp\/v2\/media?parent=304"}],"wp:term":[{"taxonomy":"category","embeddable":true,"href":"https:\/\/www.rezeau.org\/wp-h5p\/wp-json\/wp\/v2\/categories?post=304"},{"taxonomy":"post_tag","embeddable":true,"href":"https:\/\/www.rezeau.org\/wp-h5p\/wp-json\/wp\/v2\/tags?post=304"}],"curies":[{"name":"wp","href":"https:\/\/api.w.org\/{rel}","templated":true}]}}