{"id":419,"date":"2023-01-09T11:34:04","date_gmt":"2023-01-09T10:34:04","guid":{"rendered":"https:\/\/www.rezeau.org\/wp-jacqueline\/?page_id=419"},"modified":"2023-01-09T23:09:52","modified_gmt":"2023-01-09T22:09:52","slug":"qui-suis-je","status":"publish","type":"page","link":"https:\/\/www.rezeau.org\/wp-jacqueline\/qui-suis-je\/","title":{"rendered":"Qui suis-je ?"},"content":{"rendered":"\n<p>J\u2019ai d\u00e9couvert la poterie en septembre 2002 dans un atelier collectif d\u2019amateurs. J\u2019y ai appris les diff\u00e9rentes techniques du travail de la terre, en commen\u00e7ant par le tournage, qui m\u2019a tout de suite passionn\u00e9e. Au bout de deux ans je me suis achet\u00e9 un tour pour pouvoir travailler chez moi. L\u2019ann\u00e9e suivante j\u2019ai investi dans un petit four \u00e9lectrique et je me suis alors mise \u00e0 travailler seule.<\/p>\n\n\n<div class=\"wp-block-image\">\n<figure class=\"alignleft size-full\"><img loading=\"lazy\" decoding=\"async\" width=\"300\" height=\"300\" src=\"https:\/\/www.rezeau.org\/wp-jacqueline\/wp-content\/uploads\/2023\/01\/43_preciousKiki2.jpg\" alt=\"\" class=\"wp-image-422\" srcset=\"https:\/\/www.rezeau.org\/wp-jacqueline\/wp-content\/uploads\/2023\/01\/43_preciousKiki2.jpg 300w, https:\/\/www.rezeau.org\/wp-jacqueline\/wp-content\/uploads\/2023\/01\/43_preciousKiki2-150x150.jpg 150w\" sizes=\"auto, (max-width: 300px) 100vw, 300px\" \/><figcaption class=\"wp-element-caption\">Peinture num\u00e9rique par <a href=\"http:\/\/www.calirezo.com\" data-type=\"URL\" data-id=\"http:\/\/www.calirezo.com\" target=\"_blank\" rel=\"noreferrer noopener\">Cali Rezo<\/a><\/figcaption><\/figure>\n<\/div>\n\n\n<p>En parcourant la galerie<span class=\"Apple-converted-space\">&nbsp;<\/span><strong><em>Poterie-C\u00e9ramique<\/em><span class=\"Apple-converted-space\">&nbsp;<\/span><\/strong>de ce site, le visiteur peut \u00eatre surpris par la grande diversit\u00e9 des techniques et des styles de mes pi\u00e8ces. En effet, j\u2019aime faire des recherches dans toutes les directions, travaillant formes et d\u00e9cors en m\u2019inspirant parfois des artisanats du monde. Je ne fais jamais de grandes s\u00e9ries, je n\u2019aime pas me r\u00e9p\u00e9ter et d\u2019ailleurs mes pi\u00e8ces sont toutes uniques. Dans le domaine de la poterie-c\u00e9ramique, il faut peu de mat\u00e9riel mais beaucoup de travail, d\u2019imagination et &#8230; de passion.<\/p>\n\n\n\n<p>L\u2019art du<span class=\"Apple-converted-space\">&nbsp;<\/span><strong><em>Temari<span class=\"Apple-converted-space\">&nbsp;<\/span><\/em><\/strong>exige \u00e9galement \u00e9norm\u00e9ment de patience et de minutie. La technique du<span class=\"Apple-converted-space\">&nbsp;<\/span><strong><em>cartonnage<\/em><\/strong>, qui permet de confectionner des bo\u00eetes et des coffrets, demande aussi beaucoup de pr\u00e9cision. Vous pourrez en voir quelques r\u00e9alisations dans les galeries de ce site.<\/p>\n","protected":false},"excerpt":{"rendered":"<p>J\u2019ai d\u00e9couvert la poterie en septembre 2002 dans un atelier collectif d\u2019amateurs. J\u2019y ai appris les diff\u00e9rentes techniques du travail de la terre, en commen\u00e7ant par le tournage, qui m\u2019a tout de suite passionn\u00e9e. Au bout de deux ans je me suis achet\u00e9 un tour pour pouvoir travailler chez moi. L\u2019ann\u00e9e suivante j\u2019ai investi dans&hellip;<\/p>\n","protected":false},"author":1,"featured_media":0,"parent":0,"menu_order":0,"comment_status":"closed","ping_status":"closed","template":"","meta":{"ngg_post_thumbnail":0,"footnotes":""},"categories":[],"tags":[],"class_list":["post-419","page","type-page","status-publish","hentry"],"_links":{"self":[{"href":"https:\/\/www.rezeau.org\/wp-jacqueline\/wp-json\/wp\/v2\/pages\/419","targetHints":{"allow":["GET"]}}],"collection":[{"href":"https:\/\/www.rezeau.org\/wp-jacqueline\/wp-json\/wp\/v2\/pages"}],"about":[{"href":"https:\/\/www.rezeau.org\/wp-jacqueline\/wp-json\/wp\/v2\/types\/page"}],"author":[{"embeddable":true,"href":"https:\/\/www.rezeau.org\/wp-jacqueline\/wp-json\/wp\/v2\/users\/1"}],"replies":[{"embeddable":true,"href":"https:\/\/www.rezeau.org\/wp-jacqueline\/wp-json\/wp\/v2\/comments?post=419"}],"version-history":[{"count":5,"href":"https:\/\/www.rezeau.org\/wp-jacqueline\/wp-json\/wp\/v2\/pages\/419\/revisions"}],"predecessor-version":[{"id":497,"href":"https:\/\/www.rezeau.org\/wp-jacqueline\/wp-json\/wp\/v2\/pages\/419\/revisions\/497"}],"wp:attachment":[{"href":"https:\/\/www.rezeau.org\/wp-jacqueline\/wp-json\/wp\/v2\/media?parent=419"}],"wp:term":[{"taxonomy":"category","embeddable":true,"href":"https:\/\/www.rezeau.org\/wp-jacqueline\/wp-json\/wp\/v2\/categories?post=419"},{"taxonomy":"post_tag","embeddable":true,"href":"https:\/\/www.rezeau.org\/wp-jacqueline\/wp-json\/wp\/v2\/tags?post=419"}],"curies":[{"name":"wp","href":"https:\/\/api.w.org\/{rel}","templated":true}]}}