{"id":664,"date":"2023-01-10T16:06:37","date_gmt":"2023-01-10T15:06:37","guid":{"rendered":"https:\/\/www.rezeau.org\/wp-jacqueline\/?page_id=664"},"modified":"2023-01-10T16:06:37","modified_gmt":"2023-01-10T15:06:37","slug":"pelotes-brodees","status":"publish","type":"page","link":"https:\/\/www.rezeau.org\/wp-jacqueline\/pelotes-brodees\/","title":{"rendered":"Pelotes brod\u00e9es"},"content":{"rendered":"\n<p>Pelotes brod\u00e9es main. Diam\u00e8tre 7 cm. Hauteur 4 \u00e0 4.5 cm. <strong>25 \u20ac<\/strong>.<\/p>\n\n\n\nngg_shortcode_0_placeholder\n","protected":false},"excerpt":{"rendered":"<p>Pelotes brod\u00e9es main. Diam\u00e8tre 7 cm. Hauteur 4 \u00e0 4.5 cm. 25 \u20ac.<\/p>\n","protected":false},"author":1,"featured_media":0,"parent":0,"menu_order":0,"comment_status":"closed","ping_status":"closed","template":"","meta":{"ngg_post_thumbnail":0,"footnotes":""},"categories":[12,14],"tags":[],"class_list":["post-664","page","type-page","status-publish","hentry","category-cetera","category-pelotes-brodees"],"_links":{"self":[{"href":"https:\/\/www.rezeau.org\/wp-jacqueline\/wp-json\/wp\/v2\/pages\/664","targetHints":{"allow":["GET"]}}],"collection":[{"href":"https:\/\/www.rezeau.org\/wp-jacqueline\/wp-json\/wp\/v2\/pages"}],"about":[{"href":"https:\/\/www.rezeau.org\/wp-jacqueline\/wp-json\/wp\/v2\/types\/page"}],"author":[{"embeddable":true,"href":"https:\/\/www.rezeau.org\/wp-jacqueline\/wp-json\/wp\/v2\/users\/1"}],"replies":[{"embeddable":true,"href":"https:\/\/www.rezeau.org\/wp-jacqueline\/wp-json\/wp\/v2\/comments?post=664"}],"version-history":[{"count":1,"href":"https:\/\/www.rezeau.org\/wp-jacqueline\/wp-json\/wp\/v2\/pages\/664\/revisions"}],"predecessor-version":[{"id":665,"href":"https:\/\/www.rezeau.org\/wp-jacqueline\/wp-json\/wp\/v2\/pages\/664\/revisions\/665"}],"wp:attachment":[{"href":"https:\/\/www.rezeau.org\/wp-jacqueline\/wp-json\/wp\/v2\/media?parent=664"}],"wp:term":[{"taxonomy":"category","embeddable":true,"href":"https:\/\/www.rezeau.org\/wp-jacqueline\/wp-json\/wp\/v2\/categories?post=664"},{"taxonomy":"post_tag","embeddable":true,"href":"https:\/\/www.rezeau.org\/wp-jacqueline\/wp-json\/wp\/v2\/tags?post=664"}],"curies":[{"name":"wp","href":"https:\/\/api.w.org\/{rel}","templated":true}]}}